CRAN Package Check Results for Package tigger

Last updated on 2021-06-24 07:50:31 CEST.

Flavor Version Tinstall Tcheck Ttotal Status Flags
r-devel-linux-x86_64-debian-clang 1.0.0 43.36 455.31 498.67 OK
r-devel-linux-x86_64-debian-gcc 1.0.0 39.32 343.52 382.84 OK
r-devel-linux-x86_64-fedora-clang 1.0.0 594.68 OK
r-devel-linux-x86_64-fedora-gcc 1.0.0 594.66 OK
r-devel-windows-x86_64 1.0.0 66.00 510.00 576.00 OK
r-devel-windows-x86_64-gcc10-UCRT 1.0.0 OK
r-patched-linux-x86_64 1.0.0 40.64 433.67 474.31 OK
r-patched-solaris-x86 1.0.0 803.30 OK
r-release-linux-x86_64 1.0.0 42.21 433.32 475.53 OK
r-release-macos-arm64 1.0.0 ERROR
r-release-macos-x86_64 1.0.0 OK
r-release-windows-ix86+x86_64 1.0.0 68.00 437.00 505.00 OK
r-oldrel-macos-x86_64 1.0.0 OK

Check Details

Version: 1.0.0
Check: package dependencies
Result: ERROR
    Packages required but not available: 'alakazam', 'shazam'
    
    See section ‘The DESCRIPTION file’ in the ‘Writing R Extensions’
    manual.
Flavor: r-release-macos-arm64