CRAN Package Check Results for Package tidytree

Last updated on 2021-05-10 07:48:30 CEST.

Flavor Version Tinstall Tcheck Ttotal Status Flags
r-devel-linux-x86_64-debian-clang 0.3.3 6.23 58.34 64.57 NOTE
r-devel-linux-x86_64-debian-gcc 0.3.3 4.39 43.19 47.58 NOTE
r-devel-linux-x86_64-fedora-clang 0.3.3 84.27 NOTE
r-devel-linux-x86_64-fedora-gcc 0.3.3 73.20 NOTE
r-devel-windows-ix86+x86_64 0.3.3 16.00 75.00 91.00 NOTE
r-devel-windows-x86_64-gcc10-UCRT 0.3.3 NOTE
r-patched-linux-x86_64 0.3.3 6.03 54.22 60.25 NOTE
r-patched-solaris-x86 0.3.3 114.40 NOTE
r-release-linux-x86_64 0.3.3 5.92 54.80 60.72 OK
r-release-macos-x86_64 0.3.3 NOTE
r-release-windows-ix86+x86_64 0.3.3 14.00 53.00 67.00 OK
r-oldrel-macos-x86_64 0.3.3 NOTE
r-oldrel-windows-ix86+x86_64 0.3.3 13.00 70.00 83.00 OK

Check Details

Version: 0.3.3
Check: LazyData
Result: NOTE
     'LazyData' is specified without a 'data' directory
Flavors: r-devel-linux-x86_64-debian-clang, r-devel-linux-x86_64-debian-gcc, r-devel-linux-x86_64-fedora-clang, r-devel-linux-x86_64-fedora-gcc, r-devel-windows-ix86+x86_64, r-devel-windows-x86_64-gcc10-UCRT, r-patched-linux-x86_64, r-patched-solaris-x86

Version: 0.3.3
Check: dependencies in R code
Result: NOTE
    Namespace in Imports field not imported from: ‘utils’
     All declared Imports should be used.
Flavors: r-devel-linux-x86_64-fedora-clang, r-devel-linux-x86_64-fedora-gcc, r-devel-windows-x86_64-gcc10-UCRT, r-patched-solaris-x86, r-release-macos-x86_64, r-oldrel-macos-x86_64

Version: 0.3.3
Check: package dependencies
Result: NOTE
    Packages suggested but not available for checking: 'ggtree', 'treeio'
Flavor: r-release-macos-x86_64