CRAN Package Check Results for Package tidytext

Last updated on 2021-06-21 07:49:03 CEST.

Flavor Version Tinstall Tcheck Ttotal Status Flags
r-devel-linux-x86_64-debian-clang 0.3.1 13.64 172.31 185.95 OK
r-devel-linux-x86_64-debian-gcc 0.3.1 8.76 125.40 134.16 OK
r-devel-linux-x86_64-fedora-clang 0.3.1 223.79 OK
r-devel-linux-x86_64-fedora-gcc 0.3.1 212.62 OK
r-devel-windows-x86_64 0.3.1 18.00 200.00 218.00 OK
r-devel-windows-x86_64-gcc10-UCRT 0.3.1 NOTE
r-patched-linux-x86_64 0.3.1 12.87 159.31 172.18 OK
r-patched-solaris-x86 0.3.1 315.30 OK
r-release-linux-x86_64 0.3.1 10.59 163.50 174.09 OK
r-release-macos-arm64 0.3.1 OK
r-release-macos-x86_64 0.3.1 OK
r-release-windows-ix86+x86_64 0.3.1 26.00 196.00 222.00 OK
r-oldrel-macos-x86_64 0.3.1 OK

Check Details

Version: 0.3.1
Check: package dependencies
Result: NOTE
    Package suggested but not available for checking: 'covr'
Flavor: r-devel-windows-x86_64-gcc10-UCRT