CRAN Package Check Results for Package tidystats

Last updated on 2021-05-06 07:48:34 CEST.

Flavor Version Tinstall Tcheck Ttotal Status Flags
r-devel-linux-x86_64-debian-clang 0.5 5.17 77.61 82.78 OK
r-devel-linux-x86_64-debian-gcc 0.5 4.39 56.18 60.57 OK
r-devel-linux-x86_64-fedora-clang 0.5 104.73 NOTE
r-devel-linux-x86_64-fedora-gcc 0.5 93.54 NOTE
r-devel-windows-ix86+x86_64 0.5 14.00 96.00 110.00 OK
r-devel-windows-x86_64-gcc10-UCRT 0.5 NOTE
r-patched-linux-x86_64 0.5 5.92 71.68 77.60 OK
r-patched-solaris-x86 0.5 143.40 NOTE
r-release-linux-x86_64 0.5 4.91 71.02 75.93 OK
r-release-macos-x86_64 0.5 NOTE
r-release-windows-ix86+x86_64 0.5 10.00 75.00 85.00 OK
r-oldrel-macos-x86_64 0.5 ERROR
r-oldrel-windows-ix86+x86_64 0.5 12.00 90.00 102.00 ERROR

Check Details

Version: 0.5
Check: data for non-ASCII characters
Result: NOTE
     Note: found 113 marked UTF-8 strings
Flavors: r-devel-linux-x86_64-fedora-clang, r-devel-linux-x86_64-fedora-gcc, r-devel-windows-x86_64-gcc10-UCRT, r-patched-solaris-x86, r-release-macos-x86_64, r-oldrel-macos-x86_64

Version: 0.5
Check: tests
Result: ERROR
     Running ‘testthat.R’ [10s/10s]
    Running the tests in ‘tests/testthat.R’ failed.
    Last 13 lines of output:
     Error: 'formula' missing or incorrect
     Backtrace:
     █
     1. ├─stats::t.test(extra ~ 1, data = sleep) test_htest.R:14:2
     2. └─stats:::t.test.formula(extra ~ 1, data = sleep)
     ── Failure (test_htest.R:168:3): wilcoxon signed rank exact tests works ────────
     `tidy_model` not equal to `tidy_model_test`.
     Component "method": 1 string mismatch
     ── Failure (test_htest.R:212:3): wilcoxon rank sum tests works ─────────────────
     `tidy_model` not equal to `tidy_model_test`.
     Component "method": 1 string mismatch
    
     [ FAIL 9 | WARN 0 | SKIP 0 | PASS 62 ]
     Error: Test failures
     Execution halted
Flavor: r-oldrel-macos-x86_64

Version: 0.5
Check: tests
Result: ERROR
     Running 'testthat.R' [18s]
    Running the tests in 'tests/testthat.R' failed.
    Complete output:
     > library(testthat)
     > library(tidystats)
     Welcome to tidystats 0.5.
     Please note that this update (again) breaks much of the code from previous versions; so please check your old code carefully.
     >
     > test_check("tidystats")
     == Failed tests ================================================================
     -- Error (test_htest.R:14:3): one sample t-tests works -------------------------
     Error: 'formula' missing or incorrect
     Backtrace:
     x
     1. +-stats::t.test(extra ~ 1, data = sleep) test_htest.R:14:2
     2. \-stats:::t.test.formula(extra ~ 1, data = sleep)
     -- Failure (test_htest.R:168:3): wilcoxon signed rank exact tests works --------
     `tidy_model` not equal to `tidy_model_test`.
     Component "method": 1 string mismatch
     -- Failure (test_htest.R:212:3): wilcoxon rank sum tests works -----------------
     `tidy_model` not equal to `tidy_model_test`.
     Component "method": 1 string mismatch
    
     [ FAIL 3 | WARN 0 | SKIP 0 | PASS 68 ]
     Error: Test failures
     Execution halted
Flavor: r-oldrel-windows-ix86+x86_64