CRAN Package Check Results for Package tidyhydat

Last updated on 2021-06-22 07:49:48 CEST.

Flavor Version Tinstall Tcheck Ttotal Status Flags
r-devel-linux-x86_64-debian-clang 0.5.3 8.58 120.26 128.84 OK
r-devel-linux-x86_64-debian-gcc 0.5.3 7.00 89.04 96.04 OK
r-devel-linux-x86_64-fedora-clang 0.5.3 157.75 NOTE
r-devel-linux-x86_64-fedora-gcc 0.5.3 144.84 NOTE
r-devel-windows-x86_64 0.5.3 13.00 160.00 173.00 OK
r-devel-windows-x86_64-gcc10-UCRT 0.5.3 ERROR
r-patched-linux-x86_64 0.5.3 9.59 114.04 123.63 OK
r-patched-solaris-x86 0.5.3 201.80 NOTE
r-release-linux-x86_64 0.5.3 6.36 111.38 117.74 OK
r-release-macos-arm64 0.5.3 NOTE
r-release-macos-x86_64 0.5.3 NOTE
r-release-windows-ix86+x86_64 0.5.3 17.00 150.00 167.00 OK
r-oldrel-macos-x86_64 0.5.3 NOTE

Check Details

Version: 0.5.3
Check: data for non-ASCII characters
Result: NOTE
     Note: found 122 marked UTF-8 strings
Flavors: r-devel-linux-x86_64-fedora-clang, r-devel-linux-x86_64-fedora-gcc, r-patched-solaris-x86, r-release-macos-arm64, r-release-macos-x86_64, r-oldrel-macos-x86_64

Version: 0.5.3
Check: package dependencies
Result: ERROR
    Package required but not available: 'httr'
    
    Package suggested but not available for checking: 'covr'
    
    See section 'The DESCRIPTION file' in the 'Writing R Extensions'
    manual.
Flavor: r-devel-windows-x86_64-gcc10-UCRT