CRAN Package Check Results for Package tidygenomics

Last updated on 2021-06-18 07:48:29 CEST.

Flavor Version Tinstall Tcheck Ttotal Status Flags
r-devel-linux-x86_64-debian-clang 0.1.2 21.13 68.20 89.33 NOTE
r-devel-linux-x86_64-debian-gcc 0.1.2 14.90 49.94 64.84 NOTE
r-devel-linux-x86_64-fedora-clang 0.1.2 119.65 NOTE
r-devel-linux-x86_64-fedora-gcc 0.1.2 104.30 NOTE
r-devel-windows-x86_64 0.1.2 29.00 93.00 122.00 NOTE
r-devel-windows-x86_64-gcc10-UCRT 0.1.2 NOTE
r-patched-linux-x86_64 0.1.2 16.41 62.68 79.09 NOTE
r-patched-solaris-x86 0.1.2 135.90 NOTE
r-release-linux-x86_64 0.1.2 15.15 63.08 78.23 NOTE
r-release-macos-arm64 0.1.2 NOTE
r-release-macos-x86_64 0.1.2 NOTE
r-release-windows-ix86+x86_64 0.1.2 51.00 127.00 178.00 NOTE
r-oldrel-macos-x86_64 0.1.2 OK
r-oldrel-windows-ix86+x86_64 0.1.2 36.00 136.00 172.00 OK

Check Details

Version: 0.1.2
Check: LazyData
Result: NOTE
     'LazyData' is specified without a 'data' directory
Flavors: r-devel-linux-x86_64-debian-clang, r-devel-linux-x86_64-debian-gcc, r-devel-linux-x86_64-fedora-clang, r-devel-linux-x86_64-fedora-gcc, r-devel-windows-x86_64, r-devel-windows-x86_64-gcc10-UCRT, r-patched-linux-x86_64, r-patched-solaris-x86, r-release-linux-x86_64, r-release-macos-arm64, r-release-macos-x86_64, r-release-windows-ix86+x86_64