CRAN Package Check Results for Package tidyMicro

Last updated on 2021-06-22 07:49:48 CEST.

Flavor Version Tinstall Tcheck Ttotal Status Flags
r-devel-linux-x86_64-debian-clang 1.47 16.87 308.97 325.84 OK
r-devel-linux-x86_64-debian-gcc 1.47 14.36 222.19 236.55 OK
r-devel-linux-x86_64-fedora-clang 1.47 373.99 NOTE
r-devel-linux-x86_64-fedora-gcc 1.47 370.83 NOTE
r-devel-windows-x86_64 1.47 27.00 358.00 385.00 OK
r-devel-windows-x86_64-gcc10-UCRT 1.47 ERROR
r-patched-linux-x86_64 1.47 16.85 287.95 304.80 OK
r-patched-solaris-x86 1.47 534.40 NOTE
r-release-linux-x86_64 1.47 17.34 287.74 305.08 OK
r-release-macos-arm64 1.47 NOTE
r-release-macos-x86_64 1.47 NOTE
r-release-windows-ix86+x86_64 1.47 37.00 342.00 379.00 OK
r-oldrel-macos-x86_64 1.47 NOTE

Check Details

Version: 1.47
Check: package dependencies
Result: NOTE
    Imports includes 30 non-default packages.
    Importing from so many packages makes the package vulnerable to any of
    them becoming unavailable. Move as many as possible to Suggests and
    use conditionally.
Flavor: r-devel-linux-x86_64-fedora-clang

Version: 1.47
Check: dependencies in R code
Result: NOTE
    Namespaces in Imports field not imported from:
     ‘Evomorph’ ‘cowplot’ ‘factoextra’ ‘gridExtra’ ‘lme4’ ‘lsr’ ‘plotly’
     ‘png’ ‘shapes’
     All declared Imports should be used.
Flavors: r-devel-linux-x86_64-fedora-clang, r-devel-linux-x86_64-fedora-gcc, r-patched-solaris-x86, r-release-macos-arm64, r-release-macos-x86_64, r-oldrel-macos-x86_64

Version: 1.47
Check: package dependencies
Result: ERROR
    Packages required but not available:
     'tidyverse', 'car', 'factoextra', 'plotly'
    
    See section 'The DESCRIPTION file' in the 'Writing R Extensions'
    manual.
Flavor: r-devel-windows-x86_64-gcc10-UCRT