CRAN Package Check Results for Package thurstonianIRT

Last updated on 2021-06-25 08:50:18 CEST.

Flavor Version Tinstall Tcheck Ttotal Status Flags
r-devel-linux-x86_64-debian-clang 0.11.1 251.00 171.16 422.16 NOTE
r-devel-linux-x86_64-debian-gcc 0.11.1 218.41 133.31 351.72 NOTE
r-devel-linux-x86_64-fedora-clang 0.11.1 563.70 NOTE
r-devel-linux-x86_64-fedora-gcc 0.11.1 595.63 NOTE
r-devel-windows-x86_64 0.11.1 280.00 187.00 467.00 NOTE
r-devel-windows-x86_64-gcc10-UCRT 0.11.1 NOTE
r-patched-linux-x86_64 0.11.1 200.90 175.36 376.26 NOTE
r-patched-solaris-x86 0.11.1 557.10 NOTE
r-release-linux-x86_64 0.11.1 228.41 173.12 401.53 NOTE
r-release-macos-arm64 0.11.1 NOTE
r-release-macos-x86_64 0.11.1 NOTE
r-release-windows-ix86+x86_64 0.11.1 395.00 352.00 747.00 NOTE
r-oldrel-macos-x86_64 0.11.1 NOTE
r-oldrel-windows-ix86+x86_64 0.11.1 531.00 383.00 914.00 NOTE

Check Details

Version: 0.11.1
Check: for GNU extensions in Makefiles
Result: NOTE
    GNU make is a SystemRequirements.
Flavors: r-devel-linux-x86_64-debian-clang, r-devel-linux-x86_64-debian-gcc, r-devel-linux-x86_64-fedora-clang, r-devel-linux-x86_64-fedora-gcc, r-devel-windows-x86_64, r-devel-windows-x86_64-gcc10-UCRT, r-patched-linux-x86_64, r-patched-solaris-x86, r-release-linux-x86_64, r-release-macos-arm64, r-release-macos-x86_64, r-release-windows-ix86+x86_64, r-oldrel-macos-x86_64, r-oldrel-windows-ix86+x86_64

Version: 0.11.1
Check: installed package size
Result: NOTE
     installed size is 45.3Mb
     sub-directories of 1Mb or more:
     libs 44.8Mb
Flavors: r-devel-linux-x86_64-fedora-clang, r-release-macos-arm64, r-release-macos-x86_64, r-release-windows-ix86+x86_64, r-oldrel-macos-x86_64, r-oldrel-windows-ix86+x86_64

Version: 0.11.1
Check: dependencies in R code
Result: NOTE
    Namespace in Imports field not imported from: ‘knitr’
     All declared Imports should be used.
Flavors: r-devel-linux-x86_64-fedora-clang, r-devel-linux-x86_64-fedora-gcc, r-devel-windows-x86_64-gcc10-UCRT, r-patched-solaris-x86, r-release-macos-arm64, r-release-macos-x86_64, r-oldrel-macos-x86_64

Version: 0.11.1
Check: line endings in C/C++/Fortran sources/headers
Result: NOTE
    Found the following sources/headers with CR or CRLF line endings:
     src/stan_files/thurstonian_irt_model.hpp
     src/stan_files/thurstonian_irt_model_newdata.hpp
    Some Unix compilers require LF line endings.
Flavor: r-devel-windows-x86_64-gcc10-UCRT