CRAN Package Check Results for Package tframePlus

Last updated on 2021-09-20 07:51:06 CEST.

Flavor Version Tinstall Tcheck Ttotal Status Flags
r-devel-linux-x86_64-debian-clang 2016.7-1 5.01 64.52 69.53 OK
r-devel-linux-x86_64-debian-gcc 2016.7-1 4.36 49.82 54.18 OK
r-devel-linux-x86_64-fedora-clang 2016.7-1 92.52 OK
r-devel-linux-x86_64-fedora-gcc 2016.7-1 81.72 OK
r-devel-windows-x86_64 2016.7-1 7.00 69.00 76.00 OK
r-devel-windows-x86_64-gcc10-UCRT 2016.7-1 ERROR
r-patched-linux-x86_64 2016.7-1 4.92 62.37 67.29 OK
r-patched-solaris-x86 2016.7-1 116.40 OK
r-release-linux-x86_64 2016.7-1 4.76 62.86 67.62 OK
r-release-macos-arm64 2016.7-1 OK
r-release-macos-x86_64 2016.7-1 OK
r-release-windows-ix86+x86_64 2016.7-1 12.00 68.00 80.00 OK
r-oldrel-macos-x86_64 2016.7-1 OK
r-oldrel-windows-ix86+x86_64 2016.7-1 13.00 72.00 85.00 OK

Check Details

Version: 2016.7-1
Check: whether package can be installed
Result: WARN
    Found the following significant warnings:
     WARNING: installation-time patches will not be applied, could not get the patches index
Flavor: r-devel-windows-x86_64-gcc10-UCRT

Version: 2016.7-1
Check: PDF version of manual
Result: WARN
    LaTeX errors when creating PDF version.
    This typically indicates Rd problems.
Flavor: r-devel-windows-x86_64-gcc10-UCRT

Version: 2016.7-1
Check: PDF version of manual without hyperrefs or index
Result: ERROR
    Re-running with no redirection of stdout/stderr.
Flavor: r-devel-windows-x86_64-gcc10-UCRT