CRAN Package Check Results for Package tfestimators

Last updated on 2021-06-23 08:49:55 CEST.

Flavor Version Tinstall Tcheck Ttotal Status Flags
r-devel-linux-x86_64-debian-clang 1.9.1 10.66 105.95 116.61 NOTE
r-devel-linux-x86_64-debian-gcc 1.9.1 8.21 80.27 88.48 NOTE
r-devel-linux-x86_64-fedora-clang 1.9.1 150.68 NOTE
r-devel-linux-x86_64-fedora-gcc 1.9.1 150.49 NOTE
r-devel-windows-x86_64 1.9.1 17.00 141.00 158.00 NOTE
r-devel-windows-x86_64-gcc10-UCRT 1.9.1 NOTE
r-patched-linux-x86_64 1.9.1 17.75 100.66 118.41 NOTE
r-patched-solaris-x86 1.9.1 195.40 NOTE
r-release-linux-x86_64 1.9.1 8.52 101.47 109.99 NOTE
r-release-macos-arm64 1.9.1 NOTE
r-release-macos-x86_64 1.9.1 NOTE
r-release-windows-ix86+x86_64 1.9.1 21.00 126.00 147.00 NOTE
r-oldrel-macos-x86_64 1.9.1 OK

Check Details

Version: 1.9.1
Check: LazyData
Result: NOTE
     'LazyData' is specified without a 'data' directory
Flavors: r-devel-linux-x86_64-debian-clang, r-devel-linux-x86_64-debian-gcc, r-devel-linux-x86_64-fedora-clang, r-devel-linux-x86_64-fedora-gcc, r-devel-windows-x86_64, r-devel-windows-x86_64-gcc10-UCRT, r-patched-linux-x86_64, r-patched-solaris-x86, r-release-linux-x86_64, r-release-macos-arm64, r-release-macos-x86_64, r-release-windows-ix86+x86_64