CRAN Package Check Results for Package textstem

Last updated on 2021-09-20 07:51:06 CEST.

Flavor Version Tinstall Tcheck Ttotal Status Flags
r-devel-linux-x86_64-debian-clang 0.1.4 9.47 81.11 90.58 OK
r-devel-linux-x86_64-debian-gcc 0.1.4 6.68 59.86 66.54 OK
r-devel-linux-x86_64-fedora-clang 0.1.4 112.22 OK
r-devel-linux-x86_64-fedora-gcc 0.1.4 101.98 OK
r-devel-windows-x86_64 0.1.4 10.00 76.00 86.00 OK
r-devel-windows-x86_64-gcc10-UCRT 0.1.4 ERROR
r-patched-linux-x86_64 0.1.4 8.10 75.45 83.55 OK
r-patched-solaris-x86 0.1.4 158.80 OK
r-release-linux-x86_64 0.1.4 8.58 76.31 84.89 OK
r-release-macos-arm64 0.1.4 OK
r-release-macos-x86_64 0.1.4 OK
r-release-windows-ix86+x86_64 0.1.4 21.00 77.00 98.00 OK
r-oldrel-macos-x86_64 0.1.4 OK
r-oldrel-windows-ix86+x86_64 0.1.4 19.00 74.00 93.00 OK

Check Details

Version: 0.1.4
Check: whether package can be installed
Result: WARN
    Found the following significant warnings:
     WARNING: installation-time patches will not be applied, could not get the patches index
Flavor: r-devel-windows-x86_64-gcc10-UCRT

Version: 0.1.4
Check: PDF version of manual
Result: WARN
    LaTeX errors when creating PDF version.
    This typically indicates Rd problems.
Flavor: r-devel-windows-x86_64-gcc10-UCRT

Version: 0.1.4
Check: PDF version of manual without hyperrefs or index
Result: ERROR
    Re-running with no redirection of stdout/stderr.
Flavor: r-devel-windows-x86_64-gcc10-UCRT