CRAN Package Check Results for Package textshaping

Last updated on 2021-05-11 07:48:08 CEST.

Flavor Version Tinstall Tcheck Ttotal Status Flags
r-devel-linux-x86_64-debian-clang 0.3.3 16.35 23.73 40.08 NOTE
r-devel-linux-x86_64-debian-gcc 0.3.3 12.56 18.47 31.03 NOTE
r-devel-linux-x86_64-fedora-clang 0.3.3 67.21 NOTE
r-devel-linux-x86_64-fedora-gcc 0.3.3 51.60 NOTE
r-devel-windows-ix86+x86_64 0.3.3 42.00 61.00 103.00 NOTE
r-devel-windows-x86_64-gcc10-UCRT 0.3.3 NOTE
r-patched-linux-x86_64 0.3.3 17.08 23.12 40.20 NOTE
r-patched-solaris-x86 0.3.3 59.30 NOTE
r-release-linux-x86_64 0.3.3 15.00 22.79 37.79 OK
r-release-macos-x86_64 0.3.3 OK
r-release-windows-ix86+x86_64 0.3.3 42.00 51.00 93.00 OK
r-oldrel-macos-x86_64 0.3.3 OK
r-oldrel-windows-ix86+x86_64 0.3.3 55.00 67.00 122.00 NOTE

Check Details

Version: 0.3.3
Check: LazyData
Result: NOTE
     'LazyData' is specified without a 'data' directory
Flavors: r-devel-linux-x86_64-debian-clang, r-devel-linux-x86_64-debian-gcc, r-devel-linux-x86_64-fedora-clang, r-devel-linux-x86_64-fedora-gcc, r-devel-windows-ix86+x86_64, r-devel-windows-x86_64-gcc10-UCRT, r-patched-linux-x86_64, r-patched-solaris-x86

Version: 0.3.3
Check: installed package size
Result: NOTE
     installed size is 5.2Mb
     sub-directories of 1Mb or more:
     libs 5.0Mb
Flavor: r-oldrel-windows-ix86+x86_64