CRAN Package Check Results for Package textshape

Last updated on 2021-07-27 07:50:46 CEST.

Flavor Version Tinstall Tcheck Ttotal Status Flags
r-devel-linux-x86_64-debian-clang 1.7.3 4.35 41.23 45.58 OK
r-devel-linux-x86_64-debian-gcc 1.7.3 2.92 30.81 33.73 OK
r-devel-linux-x86_64-fedora-clang 1.7.3 62.55 NOTE
r-devel-linux-x86_64-fedora-gcc 1.7.3 51.38 OK
r-devel-windows-x86_64 1.7.3 7.00 45.00 52.00 OK
r-devel-windows-x86_64-gcc10-UCRT 1.7.3 OK
r-patched-linux-x86_64 1.7.3 5.49 38.44 43.93 OK
r-patched-solaris-x86 1.7.3 75.70 OK
r-release-linux-x86_64 1.7.3 4.18 38.51 42.69 OK
r-release-macos-arm64 1.7.3 OK
r-release-macos-x86_64 1.7.3 OK
r-release-windows-ix86+x86_64 1.7.3 8.00 56.00 64.00 OK
r-oldrel-macos-x86_64 1.7.3 OK
r-oldrel-windows-ix86+x86_64 1.7.3 7.00 55.00 62.00 OK

Check Details

Version: 1.7.3
Check: Rd cross-references
Result: NOTE
    Undeclared packages ‘tm’, ‘textreadr’ in Rd xrefs
Flavor: r-devel-linux-x86_64-fedora-clang