CRAN Package Check Results for Package textreuse

Last updated on 2021-06-14 07:48:53 CEST.

Flavor Version Tinstall Tcheck Ttotal Status Flags
r-devel-linux-x86_64-debian-clang 0.1.5 47.38 58.03 105.41 NOTE
r-devel-linux-x86_64-debian-gcc 0.1.5 27.74 45.41 73.15 NOTE
r-devel-linux-x86_64-fedora-clang 0.1.5 144.73 NOTE
r-devel-linux-x86_64-fedora-gcc 0.1.5 124.18 NOTE
r-devel-windows-x86_64 0.1.5 57.00 114.00 171.00 NOTE
r-devel-windows-x86_64-gcc10-UCRT 0.1.5 NOTE
r-patched-linux-x86_64 0.1.5 32.76 56.59 89.35 NOTE
r-patched-solaris-x86 0.1.5 151.40 NOTE
r-release-linux-x86_64 0.1.5 29.47 55.82 85.29 NOTE
r-release-macos-arm64 0.1.5 NOTE
r-release-macos-x86_64 0.1.5 NOTE
r-release-windows-ix86+x86_64 0.1.5 101.00 121.00 222.00 NOTE
r-oldrel-macos-x86_64 0.1.5 OK
r-oldrel-windows-ix86+x86_64 0.1.5 103.00 119.00 222.00 NOTE

Check Details

Version: 0.1.5
Check: LazyData
Result: NOTE
     'LazyData' is specified without a 'data' directory
Flavors: r-devel-linux-x86_64-debian-clang, r-devel-linux-x86_64-debian-gcc, r-devel-linux-x86_64-fedora-clang, r-devel-linux-x86_64-fedora-gcc, r-devel-windows-x86_64, r-devel-windows-x86_64-gcc10-UCRT, r-patched-linux-x86_64, r-patched-solaris-x86, r-release-linux-x86_64, r-release-macos-arm64, r-release-macos-x86_64, r-release-windows-ix86+x86_64

Version: 0.1.5
Check: Rd cross-references
Result: NOTE
    Undeclared package ‘tm’ in Rd xrefs
Flavor: r-devel-linux-x86_64-fedora-clang

Version: 0.1.5
Check: installed package size
Result: NOTE
     installed size is 5.3Mb
     sub-directories of 1Mb or more:
     extdata 2.9Mb
     libs 2.1Mb
Flavors: r-release-windows-ix86+x86_64, r-oldrel-windows-ix86+x86_64