CRAN Package Check Results for Package textreadr

Last updated on 2021-07-28 07:49:45 CEST.

Flavor Version Tinstall Tcheck Ttotal Status Flags
r-devel-linux-x86_64-debian-clang 1.0.2 OK
r-devel-linux-x86_64-debian-gcc 1.0.2 2.89 28.61 31.50 OK
r-devel-linux-x86_64-fedora-clang 1.0.2 58.70 OK
r-devel-linux-x86_64-fedora-gcc 1.0.2 47.99 OK
r-devel-windows-x86_64 1.0.2 7.00 54.00 61.00 OK
r-devel-windows-x86_64-gcc10-UCRT 1.0.2 OK
r-patched-linux-x86_64 1.0.2 3.79 35.69 39.48 OK
r-patched-solaris-x86 1.0.2 75.60 NOTE
r-release-linux-x86_64 1.0.2 3.23 35.69 38.92 OK
r-release-macos-arm64 1.0.2 OK
r-release-macos-x86_64 1.0.2 OK
r-release-windows-ix86+x86_64 1.0.2 10.00 55.00 65.00 OK
r-oldrel-macos-x86_64 1.0.2 OK
r-oldrel-windows-ix86+x86_64 1.0.2 6.00 54.00 60.00 OK

Check Details

Version: 1.0.2
Check: package dependencies
Result: NOTE
    Package suggested but not available for checking: ‘tesseract’
Flavor: r-patched-solaris-x86