CRAN Package Check Results for Package textmineR

Last updated on 2021-06-22 07:49:48 CEST.

Flavor Version Tinstall Tcheck Ttotal Status Flags
r-devel-linux-x86_64-debian-clang 3.0.4 108.02 110.77 218.79 OK --no-vignettes
r-devel-linux-x86_64-debian-gcc 3.0.4 72.01 81.15 153.16 OK --no-vignettes
r-devel-linux-x86_64-fedora-clang 3.0.4 589.37 NOTE
r-devel-linux-x86_64-fedora-gcc 3.0.4 575.40 OK
r-devel-windows-x86_64 3.0.4 131.00 512.00 643.00 OK
r-devel-windows-x86_64-gcc10-UCRT 3.0.4 OK
r-patched-linux-x86_64 3.0.4 84.92 106.65 191.57 OK --no-vignettes
r-patched-solaris-x86 3.0.4 685.00 OK
r-release-linux-x86_64 3.0.4 88.55 105.60 194.15 OK --no-vignettes
r-release-macos-arm64 3.0.4 NOTE
r-release-macos-x86_64 3.0.4 NOTE
r-release-windows-ix86+x86_64 3.0.4 258.00 627.00 885.00 OK
r-oldrel-macos-x86_64 3.0.4 NOTE

Check Details

Version: 3.0.4
Check: installed package size
Result: NOTE
     installed size is 5.1Mb
     sub-directories of 1Mb or more:
     libs 3.3Mb
Flavors: r-devel-linux-x86_64-fedora-clang, r-release-macos-arm64, r-release-macos-x86_64, r-oldrel-macos-x86_64

Version: 3.0.4
Check: Rd cross-references
Result: NOTE
    Undeclared package ‘tm’ in Rd xrefs
Flavor: r-devel-linux-x86_64-fedora-clang