CRAN Package Check Results for Package textdata

Last updated on 2021-07-28 07:49:45 CEST.

Flavor Version Tinstall Tcheck Ttotal Status Flags
r-devel-linux-x86_64-debian-clang 0.4.1 NOTE
r-devel-linux-x86_64-debian-gcc 0.4.1 4.12 31.59 35.71 NOTE
r-devel-linux-x86_64-fedora-clang 0.4.1 64.22 NOTE
r-devel-linux-x86_64-fedora-gcc 0.4.1 53.82 NOTE
r-devel-windows-x86_64 0.4.1 8.00 61.00 69.00 NOTE
r-devel-windows-x86_64-gcc10-UCRT 0.4.1 NOTE
r-patched-linux-x86_64 0.4.1 4.83 39.53 44.36 NOTE
r-patched-solaris-x86 0.4.1 79.00 NOTE
r-release-linux-x86_64 0.4.1 4.52 39.04 43.56 NOTE
r-release-macos-arm64 0.4.1 NOTE
r-release-macos-x86_64 0.4.1 NOTE
r-release-windows-ix86+x86_64 0.4.1 11.00 58.00 69.00 NOTE
r-oldrel-macos-x86_64 0.4.1 OK
r-oldrel-windows-ix86+x86_64 0.4.1 9.00 62.00 71.00 OK

Check Details

Version: 0.4.1
Check: LazyData
Result: NOTE
     'LazyData' is specified without a 'data' directory
Flavors: r-devel-linux-x86_64-debian-clang, r-devel-linux-x86_64-debian-gcc, r-devel-linux-x86_64-fedora-clang, r-devel-linux-x86_64-fedora-gcc, r-devel-windows-x86_64, r-devel-windows-x86_64-gcc10-UCRT, r-patched-linux-x86_64, r-patched-solaris-x86, r-release-linux-x86_64, r-release-macos-arm64, r-release-macos-x86_64, r-release-windows-ix86+x86_64