CRAN Package Check Results for Package tetraclasse

Last updated on 2021-06-12 08:50:22 CEST.

Flavor Version Tinstall Tcheck Ttotal Status Flags
r-devel-linux-x86_64-debian-clang 0.1.21 5.63 58.32 63.95 NOTE
r-devel-linux-x86_64-debian-gcc 0.1.21 4.16 43.77 47.93 NOTE
r-devel-linux-x86_64-fedora-clang 0.1.21 83.28 NOTE
r-devel-linux-x86_64-fedora-gcc 0.1.21 72.33 NOTE
r-devel-windows-x86_64 0.1.21 11.00 80.00 91.00 NOTE
r-devel-windows-x86_64-gcc10-UCRT 0.1.21 NOTE
r-patched-linux-x86_64 0.1.21 5.28 54.36 59.64 NOTE
r-patched-solaris-x86 0.1.21 109.90 NOTE
r-release-linux-x86_64 0.1.21 5.35 53.47 58.82 NOTE
r-release-macos-arm64 0.1.21 NOTE
r-release-macos-x86_64 0.1.21 NOTE
r-release-windows-ix86+x86_64 0.1.21 16.00 80.00 96.00 NOTE
r-oldrel-macos-x86_64 0.1.21 OK
r-oldrel-windows-ix86+x86_64 0.1.21 19.00 81.00 100.00 OK

Check Details

Version: 0.1.21
Check: LazyData
Result: NOTE
     'LazyData' is specified without a 'data' directory
Flavors: r-devel-linux-x86_64-debian-clang, r-devel-linux-x86_64-debian-gcc, r-devel-linux-x86_64-fedora-clang, r-devel-linux-x86_64-fedora-gcc, r-devel-windows-x86_64, r-devel-windows-x86_64-gcc10-UCRT, r-patched-linux-x86_64, r-patched-solaris-x86, r-release-linux-x86_64, r-release-macos-arm64, r-release-macos-x86_64, r-release-windows-ix86+x86_64