CRAN Package Check Results for Package telegram.bot

Last updated on 2022-01-26 08:51:33 CET.

Flavor Version Tinstall Tcheck Ttotal Status Flags
r-devel-linux-x86_64-debian-clang 2.4.0 10.41 47.70 58.11 NOTE
r-devel-linux-x86_64-debian-gcc 2.4.0 9.94 37.26 47.20 NOTE
r-devel-linux-x86_64-fedora-clang 2.4.0 80.03 NOTE
r-devel-linux-x86_64-fedora-gcc 2.4.0 64.29 NOTE
r-devel-windows-x86_64-new-UL 2.4.0 153.00 101.00 254.00 NOTE
r-devel-windows-x86_64-new-TK 2.4.0 NOTE
r-patched-linux-x86_64 2.4.0 14.07 48.24 62.31 NOTE
r-release-linux-x86_64 2.4.0 9.68 47.55 57.23 NOTE
r-release-macos-arm64 2.4.0 NOTE
r-release-macos-x86_64 2.4.0 NOTE
r-release-windows-ix86+x86_64 2.4.0 22.00 65.00 87.00 NOTE
r-oldrel-macos-x86_64 2.4.0 OK
r-oldrel-windows-ix86+x86_64 2.4.0 19.00 65.00 84.00 OK

Check Details

Version: 2.4.0
Check: LazyData
Result: NOTE
     'LazyData' is specified without a 'data' directory
Flavors: r-devel-linux-x86_64-debian-clang, r-devel-linux-x86_64-debian-gcc, r-devel-linux-x86_64-fedora-clang, r-devel-linux-x86_64-fedora-gcc, r-devel-windows-x86_64-new-UL, r-devel-windows-x86_64-new-TK, r-patched-linux-x86_64, r-release-linux-x86_64, r-release-macos-arm64, r-release-macos-x86_64, r-release-windows-ix86+x86_64