CRAN Package Check Results for Package telefit

Last updated on 2021-07-30 07:50:32 CEST.

Flavor Version Tinstall Tcheck Ttotal Status Flags
r-devel-linux-x86_64-debian-clang 1.0.3 OK
r-devel-linux-x86_64-debian-gcc 1.0.3 170.71 124.45 295.16 OK
r-devel-linux-x86_64-fedora-clang 1.0.3 573.03 NOTE
r-devel-linux-x86_64-fedora-gcc 1.0.3 543.80 OK
r-devel-windows-x86_64 1.0.3 277.00 213.00 490.00 OK
r-devel-windows-x86_64-gcc10-UCRT 1.0.3 OK
r-patched-linux-x86_64 1.0.3 OK
r-patched-solaris-x86 1.0.3 566.40 OK
r-release-linux-x86_64 1.0.3 208.24 160.69 368.93 OK
r-release-macos-arm64 1.0.3 NOTE
r-release-macos-x86_64 1.0.3 NOTE
r-release-windows-ix86+x86_64 1.0.3 597.00 297.00 894.00 NOTE
r-oldrel-macos-x86_64 1.0.3 NOTE
r-oldrel-windows-ix86+x86_64 1.0.3 527.00 312.00 839.00 NOTE

Check Details

Version: 1.0.3
Check: installed package size
Result: NOTE
     installed size is 18.5Mb
     sub-directories of 1Mb or more:
     data 2.4Mb
     libs 15.8Mb
Flavors: r-devel-linux-x86_64-fedora-clang, r-release-macos-arm64, r-release-macos-x86_64, r-release-windows-ix86+x86_64, r-oldrel-macos-x86_64, r-oldrel-windows-ix86+x86_64