CRAN Package Check Results for Package teamcolors

Last updated on 2021-06-14 07:48:53 CEST.

Flavor Version Tinstall Tcheck Ttotal Status Flags
r-devel-linux-x86_64-debian-clang 0.0.4 4.90 49.72 54.62 OK
r-devel-linux-x86_64-debian-gcc 0.0.4 3.90 37.55 41.45 OK
r-devel-linux-x86_64-fedora-clang 0.0.4 71.48 NOTE
r-devel-linux-x86_64-fedora-gcc 0.0.4 62.01 OK
r-devel-windows-x86_64 0.0.4 9.00 72.00 81.00 OK
r-devel-windows-x86_64-gcc10-UCRT 0.0.4 OK
r-patched-linux-x86_64 0.0.4 5.07 46.51 51.58 OK
r-patched-solaris-x86 0.0.4 92.60 OK
r-release-linux-x86_64 0.0.4 3.52 46.05 49.57 OK
r-release-macos-arm64 0.0.4 OK
r-release-macos-x86_64 0.0.4 OK
r-release-windows-ix86+x86_64 0.0.4 13.00 69.00 82.00 OK
r-oldrel-macos-x86_64 0.0.4 OK
r-oldrel-windows-ix86+x86_64 0.0.4 13.00 73.00 86.00 OK

Check Details

Version: 0.0.4
Check: Rd cross-references
Result: NOTE
    Undeclared package ‘scales’ in Rd xrefs
Flavor: r-devel-linux-x86_64-fedora-clang