CRAN Package Check Results for Package taxa

Last updated on 2021-10-24 07:57:36 CEST.

Flavor Version Tinstall Tcheck Ttotal Status Flags
r-devel-linux-x86_64-debian-clang 0.4.0 8.50 77.29 85.79 OK
r-devel-linux-x86_64-debian-gcc 0.4.0 6.09 57.06 63.15 OK
r-devel-linux-x86_64-fedora-clang 0.4.0 112.28 NOTE
r-devel-linux-x86_64-fedora-gcc 0.4.0 103.99 NOTE
r-devel-windows-x86_64 0.4.0 15.00 97.00 112.00 OK
r-devel-windows-x86_64-gcc10-UCRT 0.4.0 NOTE
r-patched-linux-x86_64 0.4.0 14.59 71.16 85.75 OK
r-patched-solaris-x86 0.4.0 128.90 NOTE
r-release-linux-x86_64 0.4.0 8.03 71.08 79.11 OK
r-release-macos-arm64 0.4.0 NOTE
r-release-macos-x86_64 0.4.0 NOTE
r-release-windows-ix86+x86_64 0.4.0 12.00 98.00 110.00 OK
r-oldrel-macos-x86_64 0.4.0 NOTE
r-oldrel-windows-ix86+x86_64 0.4.0 19.00 99.00 118.00 OK

Check Details

Version: 0.4.0
Check: dependencies in R code
Result: NOTE
    Namespaces in Imports field not imported from:
     ‘R6’ ‘jsonlite’ ‘knitr’ ‘lazyeval’ ‘tidyr’
     All declared Imports should be used.
Flavors: r-devel-linux-x86_64-fedora-clang, r-devel-linux-x86_64-fedora-gcc, r-devel-windows-x86_64-gcc10-UCRT, r-patched-solaris-x86, r-release-macos-arm64, r-release-macos-x86_64, r-oldrel-macos-x86_64