CRAN Package Check Results for Package targeted

Last updated on 2021-10-18 07:49:59 CEST.

Flavor Version Tinstall Tcheck Ttotal Status Flags
r-devel-linux-x86_64-debian-clang 0.1.1 176.34 107.03 283.37 WARN
r-devel-linux-x86_64-debian-gcc 0.1.1 131.77 92.86 224.63 WARN
r-devel-linux-x86_64-fedora-clang 0.1.1 414.15 WARN
r-devel-linux-x86_64-fedora-gcc 0.1.1 383.16 WARN
r-devel-windows-x86_64 0.1.1 218.00 120.00 338.00 WARN
r-devel-windows-x86_64-gcc10-UCRT 0.1.1 WARN
r-patched-linux-x86_64 0.1.1 163.73 106.31 270.04 WARN
r-patched-solaris-x86 0.1.1 353.00 OK
r-release-linux-x86_64 0.1.1 166.69 101.17 267.86 WARN
r-release-macos-arm64 0.1.1 NOTE
r-release-macos-x86_64 0.1.1 NOTE
r-release-windows-ix86+x86_64 0.1.1 314.00 176.00 490.00 WARN
r-oldrel-macos-x86_64 0.1.1 NOTE
r-oldrel-windows-ix86+x86_64 0.1.1 428.00 177.00 605.00 WARN

Check Details

Version: 0.1.1
Check: re-building of vignette outputs
Result: WARN
    Error(s) in re-building vignettes:
     ...
    --- re-building 'riskregression.Rmd' using rmarkdown
    Quitting from lines 309-315 (riskregression.Rmd)
    Error: processing vignette 'riskregression.Rmd' failed with diagnostics:
    attempt to use zero-length variable name
    --- failed re-building 'riskregression.Rmd'
    
    SUMMARY: processing the following file failed:
     'riskregression.Rmd'
    
    Error: Vignette re-building failed.
    Execution halted
Flavors: r-devel-linux-x86_64-debian-clang, r-devel-linux-x86_64-debian-gcc, r-patched-linux-x86_64, r-release-linux-x86_64

Version: 0.1.1
Check: installed package size
Result: NOTE
     installed size is 10.6Mb
     sub-directories of 1Mb or more:
     libs 9.7Mb
Flavors: r-devel-linux-x86_64-fedora-clang, r-release-macos-arm64, r-release-macos-x86_64, r-oldrel-macos-x86_64

Version: 0.1.1
Check: re-building of vignette outputs
Result: WARN
    Error(s) in re-building vignettes:
    --- re-building ‘riskregression.Rmd’ using rmarkdown
    OMP: Warning #96: Cannot form a team with 8 threads, using 2 instead.
    OMP: Hint Consider unsetting KMP_DEVICE_THREAD_LIMIT (KMP_ALL_THREADS), KMP_TEAMS_THREAD_LIMIT, and OMP_THREAD_LIMIT (if any are set).
    Quitting from lines 309-315 (riskregression.Rmd)
    Error: processing vignette 'riskregression.Rmd' failed with diagnostics:
    attempt to use zero-length variable name
    --- failed re-building ‘riskregression.Rmd’
    
    SUMMARY: processing the following file failed:
     ‘riskregression.Rmd’
    
    Error: Vignette re-building failed.
    Execution halted
Flavor: r-devel-linux-x86_64-fedora-clang

Version: 0.1.1
Check: re-building of vignette outputs
Result: WARN
    Error(s) in re-building vignettes:
    --- re-building ‘riskregression.Rmd’ using rmarkdown
    Quitting from lines 309-315 (riskregression.Rmd)
    Error: processing vignette 'riskregression.Rmd' failed with diagnostics:
    attempt to use zero-length variable name
    --- failed re-building ‘riskregression.Rmd’
    
    SUMMARY: processing the following file failed:
     ‘riskregression.Rmd’
    
    Error: Vignette re-building failed.
    Execution halted
Flavors: r-devel-linux-x86_64-fedora-gcc, r-devel-windows-x86_64, r-devel-windows-x86_64-gcc10-UCRT, r-release-windows-ix86+x86_64, r-oldrel-windows-ix86+x86_64