CRAN Package Check Results for Package systemfonts

Last updated on 2021-05-10 07:48:30 CEST.

Flavor Version Tinstall Tcheck Ttotal Status Flags
r-devel-linux-x86_64-debian-clang 1.0.1 37.85 29.09 66.94 NOTE
r-devel-linux-x86_64-debian-gcc 1.0.1 30.11 22.89 53.00 NOTE
r-devel-linux-x86_64-fedora-clang 1.0.1 114.60 NOTE
r-devel-linux-x86_64-fedora-gcc 1.0.1 95.78 NOTE
r-devel-windows-ix86+x86_64 1.0.1 114.00 77.00 191.00 NOTE
r-devel-windows-x86_64-gcc10-UCRT 1.0.1 NOTE
r-patched-linux-x86_64 1.0.1 37.06 28.62 65.68 NOTE
r-patched-solaris-x86 1.0.1 113.10 NOTE
r-release-linux-x86_64 1.0.1 37.05 27.97 65.02 OK
r-release-macos-x86_64 1.0.1 NOTE
r-release-windows-ix86+x86_64 1.0.1 99.00 55.00 154.00 OK
r-oldrel-macos-x86_64 1.0.1 OK
r-oldrel-windows-ix86+x86_64 1.0.1 134.00 72.00 206.00 OK

Check Details

Version: 1.0.1
Check: LazyData
Result: NOTE
     'LazyData' is specified without a 'data' directory
Flavors: r-devel-linux-x86_64-debian-clang, r-devel-linux-x86_64-debian-gcc, r-devel-linux-x86_64-fedora-clang, r-devel-linux-x86_64-fedora-gcc, r-devel-windows-ix86+x86_64, r-devel-windows-x86_64-gcc10-UCRT, r-patched-linux-x86_64, r-patched-solaris-x86

Version: 1.0.1
Check: installed package size
Result: NOTE
     installed size is 7.5Mb
     sub-directories of 1Mb or more:
     libs 7.3Mb
Flavor: r-release-macos-x86_64