CRAN Package Check Results for Package swissparl

Last updated on 2021-06-18 07:48:28 CEST.

Flavor Version Tinstall Tcheck Ttotal Status Flags
r-devel-linux-x86_64-debian-clang 0.2.1 5.42 52.12 57.54 OK
r-devel-linux-x86_64-debian-gcc 0.2.1 4.66 38.62 43.28 OK
r-devel-linux-x86_64-fedora-clang 0.2.1 76.85 NOTE
r-devel-linux-x86_64-fedora-gcc 0.2.1 65.78 NOTE
r-devel-windows-x86_64 0.2.1 10.00 69.00 79.00 OK
r-devel-windows-x86_64-gcc10-UCRT 0.2.1 NOTE
r-patched-linux-x86_64 0.2.1 6.23 48.15 54.38 OK
r-patched-solaris-x86 0.2.1 97.90 NOTE
r-release-linux-x86_64 0.2.1 5.12 47.89 53.01 OK
r-release-macos-arm64 0.2.1 NOTE
r-release-macos-x86_64 0.2.1 NOTE
r-release-windows-ix86+x86_64 0.2.1 15.00 73.00 88.00 OK
r-oldrel-macos-x86_64 0.2.1 NOTE
r-oldrel-windows-ix86+x86_64 0.2.1 11.00 79.00 90.00 OK

Check Details

Version: 0.2.1
Check: dependencies in R code
Result: NOTE
    Namespace in Imports field not imported from: ‘lubridate’
     All declared Imports should be used.
Flavors: r-devel-linux-x86_64-fedora-clang, r-devel-linux-x86_64-fedora-gcc, r-devel-windows-x86_64-gcc10-UCRT, r-patched-solaris-x86, r-release-macos-arm64, r-release-macos-x86_64, r-oldrel-macos-x86_64