CRAN Package Check Results for Package surveysd

Last updated on 2021-08-05 07:49:54 CEST.

Flavor Version Tinstall Tcheck Ttotal Status Flags
r-devel-linux-x86_64-debian-clang 1.3.0 50.00 154.84 204.84 NOTE --no-tests
r-devel-linux-x86_64-debian-gcc 1.3.0 30.46 134.23 164.69 NOTE --no-tests
r-devel-linux-x86_64-fedora-clang 1.3.0 388.57 NOTE
r-devel-linux-x86_64-fedora-gcc 1.3.0 472.21 NOTE
r-devel-windows-x86_64 1.3.0 61.00 182.00 243.00 NOTE
r-devel-windows-x86_64-gcc10-UCRT 1.3.0 ERROR --no-tests
r-patched-linux-x86_64 1.3.0 37.98 134.68 172.66 NOTE --no-tests
r-patched-solaris-x86 1.3.0 406.60 NOTE
r-release-linux-x86_64 1.3.0 39.31 130.21 169.52 NOTE --no-tests
r-release-macos-arm64 1.3.0 NOTE
r-release-macos-x86_64 1.3.0 NOTE
r-release-windows-ix86+x86_64 1.3.0 109.00 357.00 466.00 NOTE
r-oldrel-macos-x86_64 1.3.0 OK
r-oldrel-windows-ix86+x86_64 1.3.0 97.00 398.00 495.00 OK

Check Details

Version: 1.3.0
Flags: --no-tests
Check: LazyData
Result: NOTE
     'LazyData' is specified without a 'data' directory
Flavors: r-devel-linux-x86_64-debian-clang, r-devel-linux-x86_64-debian-gcc, r-patched-linux-x86_64, r-release-linux-x86_64

Version: 1.3.0
Check: LazyData
Result: NOTE
     'LazyData' is specified without a 'data' directory
Flavors: r-devel-linux-x86_64-fedora-clang, r-devel-linux-x86_64-fedora-gcc, r-devel-windows-x86_64, r-patched-solaris-x86, r-release-macos-arm64, r-release-macos-x86_64, r-release-windows-ix86+x86_64

Version: 1.3.0
Flags: --no-tests
Check: package dependencies
Result: ERROR
    Package required but not available: 'ggplot2'
    
    Package suggested but not available for checking: 'testthat'
    
    See section 'The DESCRIPTION file' in the 'Writing R Extensions'
    manual.
Flavor: r-devel-windows-x86_64-gcc10-UCRT