CRAN Package Check Results for Package supernova

Last updated on 2021-06-24 07:50:29 CEST.

Flavor Version Tinstall Tcheck Ttotal Status Flags
r-devel-linux-x86_64-debian-clang 2.4.1 6.69 89.66 96.35 OK
r-devel-linux-x86_64-debian-gcc 2.4.1 4.56 64.94 69.50 OK
r-devel-linux-x86_64-fedora-clang 2.4.1 120.25 NOTE
r-devel-linux-x86_64-fedora-gcc 2.4.1 106.45 NOTE
r-devel-windows-x86_64 2.4.1 10.00 111.00 121.00 OK
r-devel-windows-x86_64-gcc10-UCRT 2.4.1 ERROR
r-patched-linux-x86_64 2.4.1 10.46 83.35 93.81 OK
r-patched-solaris-x86 2.4.1 144.30 NOTE
r-release-linux-x86_64 2.4.1 5.17 82.57 87.74 OK
r-release-macos-arm64 2.4.1 NOTE
r-release-macos-x86_64 2.4.1 NOTE
r-release-windows-ix86+x86_64 2.4.1 12.00 81.00 93.00 OK
r-oldrel-macos-x86_64 2.4.1 NOTE

Check Details

Version: 2.4.1
Check: dependencies in R code
Result: NOTE
    Namespaces in Imports field not imported from:
     ‘backports’ ‘methods’
     All declared Imports should be used.
Flavors: r-devel-linux-x86_64-fedora-clang, r-devel-linux-x86_64-fedora-gcc, r-devel-windows-x86_64-gcc10-UCRT, r-patched-solaris-x86, r-release-macos-arm64, r-release-macos-x86_64, r-oldrel-macos-x86_64

Version: 2.4.1
Check: package dependencies
Result: NOTE
    Packages suggested but not available for checking: 'car', 'covr', 'lintr'
Flavor: r-devel-windows-x86_64-gcc10-UCRT

Version: 2.4.1
Check: tests
Result: ERROR
     Running 'testthat.R'
    Running the tests in 'tests/testthat.R' failed.
    Last 13 lines of output:
     Backtrace:
     x
     1. +-supernova:::expect_supernova(two_way) test-supernova.r:316:2
     2. | \-supernova:::expect_partials(object, type, ...) test-supernova.r:80:4
     3. | \-supernova:::get_partials(object$fit, type = type) test-supernova.r:130:2
     4. | \-base::suppressMessages(car::Anova) test-supernova.r:25:2
     5. | \-base::withCallingHandlers(...)
     6. \-base::loadNamespace(x) test-supernova.r:25:2
     7. \-base::withRestarts(stop(cond), retry_loadNamespace = function() NULL)
     8. \-base:::withOneRestart(expr, restarts[[1L]])
     9. \-base:::doWithOneRestart(return(expr), restart)
    
     [ FAIL 3 | WARN 1 | SKIP 11 | PASS 204 ]
     Error: Test failures
     Execution halted
Flavor: r-devel-windows-x86_64-gcc10-UCRT