CRAN Package Check Results for Package summarytools

Last updated on 2021-06-14 07:48:52 CEST.

Flavor Version Tinstall Tcheck Ttotal Status Flags
r-devel-linux-x86_64-debian-clang 0.9.9 19.06 121.82 140.88 OK
r-devel-linux-x86_64-debian-gcc 0.9.9 14.77 89.22 103.99 OK
r-devel-linux-x86_64-fedora-clang 0.9.9 183.63 NOTE
r-devel-linux-x86_64-fedora-gcc 0.9.9 167.02 NOTE
r-devel-windows-x86_64 0.9.9 26.00 139.00 165.00 OK
r-devel-windows-x86_64-gcc10-UCRT 0.9.9 NOTE
r-patched-linux-x86_64 0.9.9 19.43 115.26 134.69 OK
r-patched-solaris-x86 0.9.9 232.70 NOTE
r-release-linux-x86_64 0.9.9 15.71 115.21 130.92 OK
r-release-macos-arm64 0.9.9 NOTE
r-release-macos-x86_64 0.9.9 NOTE
r-release-windows-ix86+x86_64 0.9.9 30.00 130.00 160.00 OK
r-oldrel-macos-x86_64 0.9.9 NOTE
r-oldrel-windows-ix86+x86_64 0.9.9 30.00 144.00 174.00 OK

Check Details

Version: 0.9.9
Check: data for non-ASCII characters
Result: NOTE
     Note: found 78 marked UTF-8 strings
Flavors: r-devel-linux-x86_64-fedora-clang, r-devel-linux-x86_64-fedora-gcc, r-devel-windows-x86_64-gcc10-UCRT, r-patched-solaris-x86, r-release-macos-arm64, r-release-macos-x86_64, r-oldrel-macos-x86_64