CRAN Package Check Results for Package sugrrants

Last updated on 2021-06-24 07:50:29 CEST.

Flavor Version Tinstall Tcheck Ttotal Status Flags
r-devel-linux-x86_64-debian-clang 0.2.8 8.65 87.86 96.51 OK
r-devel-linux-x86_64-debian-gcc 0.2.8 7.58 65.48 73.06 OK
r-devel-linux-x86_64-fedora-clang 0.2.8 120.04 OK
r-devel-linux-x86_64-fedora-gcc 0.2.8 111.92 OK
r-devel-windows-x86_64 0.2.8 14.00 105.00 119.00 OK
r-devel-windows-x86_64-gcc10-UCRT 0.2.8 NOTE
r-patched-linux-x86_64 0.2.8 9.05 81.17 90.22 OK
r-patched-solaris-x86 0.2.8 154.60 OK
r-release-linux-x86_64 0.2.8 9.38 81.10 90.48 OK
r-release-macos-arm64 0.2.8 OK
r-release-macos-x86_64 0.2.8 OK
r-release-windows-ix86+x86_64 0.2.8 14.00 82.00 96.00 OK
r-oldrel-macos-x86_64 0.2.8 OK

Check Details

Version: 0.2.8
Check: package dependencies
Result: NOTE
    Packages suggested but not available for checking: 'covr', 'plotly'
Flavor: r-devel-windows-x86_64-gcc10-UCRT