CRAN Package Check Results for Package stringfish

Last updated on 2021-09-18 08:51:00 CEST.

Flavor Version Tinstall Tcheck Ttotal Status Flags
r-devel-linux-x86_64-debian-clang 0.15.2 32.73 38.32 71.05 WARN
r-devel-linux-x86_64-debian-gcc 0.15.2 24.01 29.74 53.75 WARN
r-devel-linux-x86_64-fedora-clang 0.15.2 105.39 NOTE
r-devel-linux-x86_64-fedora-gcc 0.15.2 89.85 NOTE
r-devel-windows-x86_64 0.15.2 67.00 76.00 143.00 NOTE
r-devel-windows-x86_64-gcc10-UCRT 0.15.2 NOTE
r-patched-linux-x86_64 0.15.2 27.77 36.57 64.34 WARN
r-patched-solaris-x86 0.15.2 107.60 NOTE
r-release-linux-x86_64 0.15.2 25.17 36.29 61.46 WARN
r-release-macos-arm64 0.15.2 NOTE
r-release-macos-x86_64 0.15.2 NOTE
r-release-windows-ix86+x86_64 0.15.2 166.00 72.00 238.00 NOTE
r-oldrel-macos-x86_64 0.15.2 NOTE
r-oldrel-windows-ix86+x86_64 0.15.2 162.00 70.00 232.00 NOTE

Check Details

Version: 0.15.2
Check: top-level files
Result: WARN
     Output from running autoreconf:
     configure.ac:18: warning: The macro `AC_HELP_STRING' is obsolete.
     configure.ac:18: You should run autoupdate.
     ./lib/autoconf/general.m4:204: AC_HELP_STRING is expanded from...
     configure.ac:18: the top level
     configure.ac:23: warning: The macro `AC_HELP_STRING' is obsolete.
     configure.ac:23: You should run autoupdate.
     ./lib/autoconf/general.m4:204: AC_HELP_STRING is expanded from...
     configure.ac:23: the top level
     configure.ac:28: warning: The macro `AC_HELP_STRING' is obsolete.
     configure.ac:28: You should run autoupdate.
     ./lib/autoconf/general.m4:204: AC_HELP_STRING is expanded from...
     configure.ac:28: the top level
     configure.ac:33: warning: The macro `AC_HELP_STRING' is obsolete.
     configure.ac:33: You should run autoupdate.
     ./lib/autoconf/general.m4:204: AC_HELP_STRING is expanded from...
     configure.ac:33: the top level
Flavors: r-devel-linux-x86_64-debian-clang, r-devel-linux-x86_64-debian-gcc, r-patched-linux-x86_64, r-release-linux-x86_64

Version: 0.15.2
Check: for GNU extensions in Makefiles
Result: NOTE
    GNU make is a SystemRequirements.
Flavors: r-devel-linux-x86_64-debian-clang, r-devel-linux-x86_64-debian-gcc, r-devel-linux-x86_64-fedora-clang, r-devel-linux-x86_64-fedora-gcc, r-devel-windows-x86_64, r-devel-windows-x86_64-gcc10-UCRT, r-patched-linux-x86_64, r-patched-solaris-x86, r-release-linux-x86_64, r-release-macos-arm64, r-release-macos-x86_64, r-release-windows-ix86+x86_64, r-oldrel-macos-x86_64, r-oldrel-windows-ix86+x86_64

Version: 0.15.2
Check: installed package size
Result: NOTE
     installed size is 6.4Mb
     sub-directories of 1Mb or more:
     libs 5.9Mb
Flavors: r-release-macos-x86_64, r-oldrel-macos-x86_64