CRAN Package Check Results for Package stringb

Last updated on 2021-09-18 08:51:00 CEST.

Flavor Version Tinstall Tcheck Ttotal Status Flags
r-devel-linux-x86_64-debian-clang 0.1.17 3.38 31.55 34.93 NOTE
r-devel-linux-x86_64-debian-gcc 0.1.17 2.88 24.01 26.89 NOTE
r-devel-linux-x86_64-fedora-clang 0.1.17 50.91 NOTE
r-devel-linux-x86_64-fedora-gcc 0.1.17 40.24 NOTE
r-devel-windows-x86_64 0.1.17 7.00 50.00 57.00 NOTE
r-devel-windows-x86_64-gcc10-UCRT 0.1.17 NOTE
r-patched-linux-x86_64 0.1.17 3.52 29.96 33.48 NOTE
r-patched-solaris-x86 0.1.17 61.50 NOTE
r-release-linux-x86_64 0.1.17 3.42 30.01 33.43 NOTE
r-release-macos-arm64 0.1.17 NOTE
r-release-macos-x86_64 0.1.17 NOTE
r-release-windows-ix86+x86_64 0.1.17 7.00 36.00 43.00 NOTE
r-oldrel-macos-x86_64 0.1.17 OK
r-oldrel-windows-ix86+x86_64 0.1.17 8.00 38.00 46.00 OK

Check Details

Version: 0.1.17
Check: LazyData
Result: NOTE
     'LazyData' is specified without a 'data' directory
Flavors: r-devel-linux-x86_64-debian-clang, r-devel-linux-x86_64-debian-gcc, r-devel-linux-x86_64-fedora-clang, r-devel-linux-x86_64-fedora-gcc, r-devel-windows-x86_64, r-devel-windows-x86_64-gcc10-UCRT, r-patched-linux-x86_64, r-patched-solaris-x86, r-release-linux-x86_64, r-release-macos-arm64, r-release-macos-x86_64, r-release-windows-ix86+x86_64