CRAN Package Check Results for Package stochvolTMB

Last updated on 2021-07-25 07:50:20 CEST.

Flavor Version Tinstall Tcheck Ttotal Status Flags
r-devel-linux-x86_64-debian-clang 0.1.2 23.91 153.94 177.85 OK
r-devel-linux-x86_64-debian-gcc 0.1.2 20.15 121.44 141.59 OK
r-devel-linux-x86_64-fedora-clang 0.1.2 224.26 NOTE
r-devel-linux-x86_64-fedora-gcc 0.1.2 225.40 OK
r-devel-windows-x86_64 0.1.2 40.00 87.00 127.00 NOTE
r-devel-windows-x86_64-gcc10-UCRT 0.1.2 OK
r-patched-linux-x86_64 0.1.2 23.76 157.19 180.95 OK
r-patched-solaris-x86 0.1.2 281.60 NOTE
r-release-linux-x86_64 0.1.2 26.26 155.13 181.39 OK
r-release-macos-arm64 0.1.2 NOTE
r-release-macos-x86_64 0.1.2 NOTE
r-release-windows-ix86+x86_64 0.1.2 111.00 114.00 225.00 NOTE
r-oldrel-macos-x86_64 0.1.2 NOTE
r-oldrel-windows-ix86+x86_64 0.1.2 114.00 145.00 259.00 NOTE

Check Details

Version: 0.1.2
Check: installed package size
Result: NOTE
     installed size is 12.3Mb
     sub-directories of 1Mb or more:
     libs 11.6Mb
Flavors: r-devel-linux-x86_64-fedora-clang, r-devel-windows-x86_64, r-patched-solaris-x86, r-release-macos-arm64, r-release-macos-x86_64, r-release-windows-ix86+x86_64, r-oldrel-macos-x86_64, r-oldrel-windows-ix86+x86_64