CRAN Package Check Results for Package stm

Last updated on 2021-07-31 07:51:01 CEST.

Flavor Version Tinstall Tcheck Ttotal Status Flags
r-devel-linux-x86_64-debian-clang 1.3.6 47.53 293.72 341.25 OK
r-devel-linux-x86_64-debian-gcc 1.3.6 32.68 209.34 242.02 OK
r-devel-linux-x86_64-fedora-clang 1.3.6 358.76 OK
r-devel-linux-x86_64-fedora-gcc 1.3.6 317.34 OK
r-devel-windows-x86_64 1.3.6 45.00 360.00 405.00 OK
r-devel-windows-x86_64-gcc10-UCRT 1.3.6 OK
r-patched-linux-x86_64 1.3.6 OK
r-patched-solaris-x86 1.3.6 554.30 OK
r-release-linux-x86_64 1.3.6 41.04 280.90 321.94 OK
r-release-macos-arm64 1.3.6 NOTE
r-release-macos-x86_64 1.3.6 NOTE
r-release-windows-ix86+x86_64 1.3.6 109.00 493.00 602.00 OK
r-oldrel-macos-x86_64 1.3.6 NOTE
r-oldrel-windows-ix86+x86_64 1.3.6 79.00 546.00 625.00 OK

Check Details

Version: 1.3.6
Check: installed package size
Result: NOTE
     installed size is 5.7Mb
     sub-directories of 1Mb or more:
     data 1.7Mb
     libs 2.8Mb
Flavors: r-release-macos-arm64, r-release-macos-x86_64, r-oldrel-macos-x86_64