CRAN Package Check Results for Package stevedore

Last updated on 2021-12-02 08:51:24 CET.

Flavor Version Tinstall Tcheck Ttotal Status Flags
r-devel-linux-x86_64-debian-clang 0.9.4 9.62 132.37 141.99 OK
r-devel-linux-x86_64-debian-gcc 0.9.4 6.37 99.65 106.02 OK
r-devel-linux-x86_64-fedora-clang 0.9.4 176.16 OK
r-devel-linux-x86_64-fedora-gcc 0.9.4 165.42 OK
r-devel-windows-x86_64-new-UL 0.9.4 35.00 220.00 255.00 OK
r-devel-windows-x86_64-new-TK 0.9.4 OK
r-devel-windows-x86_64-old 0.9.4 13.00 127.00 140.00 OK
r-patched-linux-x86_64 0.9.4 9.20 128.52 137.72 OK
r-patched-solaris-x86 0.9.4 199.80 NOTE
r-release-linux-x86_64 0.9.4 8.33 127.96 136.29 OK
r-release-macos-arm64 0.9.4 OK
r-release-macos-x86_64 0.9.4 OK
r-release-windows-ix86+x86_64 0.9.4 15.00 163.00 178.00 OK
r-oldrel-macos-x86_64 0.9.4 OK
r-oldrel-windows-ix86+x86_64 0.9.4 15.00 164.00 179.00 OK

Check Details

Version: 0.9.4
Check: package dependencies
Result: NOTE
    Package suggested but not available for checking: ‘redux’
Flavor: r-patched-solaris-x86