CRAN Package Check Results for Package statsExpressions

Last updated on 2021-06-22 07:49:46 CEST.

Flavor Version Tinstall Tcheck Ttotal Status Flags
r-devel-linux-x86_64-debian-clang 1.1.0 13.13 422.29 435.42 OK
r-devel-linux-x86_64-debian-gcc 1.1.0 10.50 296.57 307.07 OK
r-devel-linux-x86_64-fedora-clang 1.1.0 496.02 OK
r-devel-linux-x86_64-fedora-gcc 1.1.0 496.31 OK
r-devel-windows-x86_64 1.1.0 20.00 333.00 353.00 OK
r-devel-windows-x86_64-gcc10-UCRT 1.1.0 NOTE
r-patched-linux-x86_64 1.1.0 14.76 391.32 406.08 OK
r-patched-solaris-x86 1.1.0 557.80 NOTE
r-release-linux-x86_64 1.1.0 12.32 397.31 409.63 OK
r-release-macos-arm64 1.1.0 OK
r-release-macos-x86_64 1.1.0 OK
r-release-windows-ix86+x86_64 1.1.0 32.00 330.00 362.00 OK
r-oldrel-macos-x86_64 1.1.0 ERROR

Check Details

Version: 1.1.0
Check: package dependencies
Result: NOTE
    Packages suggested but not available for checking: 'afex', 'metaBMA'
Flavor: r-devel-windows-x86_64-gcc10-UCRT

Version: 1.1.0
Check: installed package size
Result: NOTE
     installed size is 5.7Mb
     sub-directories of 1Mb or more:
     help 5.4Mb
Flavor: r-patched-solaris-x86

Version: 1.1.0
Check: tests
Result: ERROR
     Running ‘spelling.R’ [0s/0s]
     Running ‘testthat.R’ [95s/48s]
    Running the tests in ‘tests/testthat.R’ failed.
    Last 13 lines of output:
     1. └─testthat::test_check("statsExpressions")
     2. └─testthat::test_dir(...)
     3. └─testthat:::test_files(...)
     4. └─testthat:::test_files(...)
     5. ├─testthat::with_reporter(...)
     6. │ ├─base::withRestarts(...)
     7. │ │ └─base:::withOneRestart(expr, restarts[[1L]])
     8. │ │ └─base:::doWithOneRestart(return(expr), restart)
     9. │ └─base::force(code)
     10. └─testthat:::parallel_event_loop_chunky(queue, reporters)
     11. └─queue$poll(Inf)
     12. └─base::lapply(...)
     13. └─testthat:::FUN(X[[i]], ...)
     14. └─private$handle_error(msg, i)
     Execution halted
Flavor: r-oldrel-macos-x86_64