CRAN Package Check Results for Package stats19

Last updated on 2021-06-24 07:50:29 CEST.

Flavor Version Tinstall Tcheck Ttotal Status Flags
r-devel-linux-x86_64-debian-clang 1.4.1 4.07 106.81 110.88 OK
r-devel-linux-x86_64-debian-gcc 1.4.1 3.08 82.20 85.28 OK
r-devel-linux-x86_64-fedora-clang 1.4.1 131.57 OK
r-devel-linux-x86_64-fedora-gcc 1.4.1 126.39 OK
r-devel-windows-x86_64 1.4.1 7.00 181.00 188.00 OK
r-devel-windows-x86_64-gcc10-UCRT 1.4.1 ERROR
r-patched-linux-x86_64 1.4.1 4.27 102.69 106.96 OK
r-patched-solaris-x86 1.4.1 222.80 OK
r-release-linux-x86_64 1.4.1 3.94 103.16 107.10 OK
r-release-macos-arm64 1.4.1 WARN
r-release-macos-x86_64 1.4.1 OK
r-release-windows-ix86+x86_64 1.4.1 6.00 167.00 173.00 OK
r-oldrel-macos-x86_64 1.4.1 OK

Check Details

Version: 1.4.1
Check: package dependencies
Result: NOTE
    Packages suggested but not available for checking:
     'curl', 'pkgdown', 'kableExtra', 'pct', 'osmdata', 'covr'
Flavor: r-devel-windows-x86_64-gcc10-UCRT

Version: 1.4.1
Check: tests
Result: ERROR
     Running 'skip-download.R'
     Running 'testthat.R'
    Running the tests in 'tests/testthat.R' failed.
    Last 13 lines of output:
     4. \-base:::withOneRestart(expr, restarts[[1L]])
     5. \-base:::doWithOneRestart(return(expr), restart)
     -- Error (test-utils.R:36:3): locate_files & locate_one_file works -------------
     Error: there is no package called 'curl'
     Backtrace:
     x
     1. +-global::skip_download() test-utils.R:36:2
     2. \-base::loadNamespace(x)
     3. \-base::withRestarts(stop(cond), retry_loadNamespace = function() NULL)
     4. \-base:::withOneRestart(expr, restarts[[1L]])
     5. \-base:::doWithOneRestart(return(expr), restart)
    
     [ FAIL 8 | WARN 2 | SKIP 6 | PASS 33 ]
     Error: Test failures
     Execution halted
Flavor: r-devel-windows-x86_64-gcc10-UCRT

Version: 1.4.1
Check: re-building of vignette outputs
Result: WARN
    Error(s) in re-building vignettes:
    --- re-building 'blog.Rmd' using rmarkdown
    --- finished re-building 'blog.Rmd'
    
    --- re-building 'stats19-training-setup.Rmd' using rmarkdown
    --- finished re-building 'stats19-training-setup.Rmd'
    
    --- re-building 'stats19-training.Rmd' using rmarkdown
    
    Attaching package: 'lubridate'
    
    The following objects are masked from 'package:base':
    
     date, intersect, setdiff, union
    
    Quitting from lines 783-784 (stats19-training.Rmd)
    Error: processing vignette 'stats19-training.Rmd' failed with diagnostics:
    there is no package called 'pct'
    --- failed re-building 'stats19-training.Rmd'
    
    --- re-building 'stats19-vehicles.Rmd' using rmarkdown
    Data provided under OGL v3.0. Cite the source and link to:
    www.nationalarchives.gov.uk/doc/open-government-licence/version/3/
    
    Attaching package: 'dplyr'
    
    The following objects are masked from 'package:stats':
    
     filter, lag
    
    The following objects are masked from 'package:base':
    
     intersect, setdiff, setequal, union
    
    trying URL 'http://data.dft.gov.uk.s3.amazonaws.com/road-accidents-safety-data/dftRoadSafetyData_Vehicles_2018.csv'
     length 14803084 bytes (14.1 MB)
    ==================================================
    downloaded 14.1 MB
    
    trying URL 'http://data.dft.gov.uk.s3.amazonaws.com/road-accidents-safety-data/dftRoadSafetyData_Accidents_2018.csv'
     length 16827907 bytes (16.0 MB)
    ==================================================
    downloaded 16.0 MB
    
    --- finished re-building 'stats19-vehicles.Rmd'
    
    --- re-building 'stats19.Rmd' using rmarkdown
    trying URL 'http://data.dft.gov.uk.s3.amazonaws.com/road-accidents-safety-data/dftRoadSafetyData_Accidents_2017.zip'
     length 3997883 bytes (3.8 MB)
    ==================================================
    downloaded 3.8 MB
    
    trying URL 'http://data.dft.gov.uk.s3.amazonaws.com/road-accidents-safety-data/dftRoadSafetyData_Vehicles_2017.zip'
     length 2584589 bytes (2.5 MB)
    ==================================================
    downloaded 2.5 MB
    
    trying URL 'http://data.dft.gov.uk.s3.amazonaws.com/road-accidents-safety-data/dftRoadSafetyData_Casualties_2017.zip'
     length 1169376 bytes (1.1 MB)
    ==================================================
    downloaded 1.1 MB
    
    Joining, by = "accident_index"
    --- finished re-building 'stats19.Rmd'
    
    SUMMARY: processing the following file failed:
     'stats19-training.Rmd'
    
    Error: Vignette re-building failed.
    Execution halted
Flavor: r-devel-windows-x86_64-gcc10-UCRT

Version: 1.4.1
Check: package dependencies
Result: NOTE
    Packages suggested but not available for checking: 'tmap', 'pct'
Flavor: r-release-macos-arm64

Version: 1.4.1
Check: re-building of vignette outputs
Result: WARN
    Error(s) in re-building vignettes:
    --- re-building ‘blog.Rmd’ using rmarkdown
    Warning in engine$weave(file, quiet = quiet, encoding = enc) :
     Pandoc (>= 1.12.3) not available. Falling back to R Markdown v1.
    --- finished re-building ‘blog.Rmd’
    
    --- re-building ‘stats19-training-setup.Rmd’ using rmarkdown
    Warning in engine$weave(file, quiet = quiet, encoding = enc) :
     Pandoc (>= 1.12.3) not available. Falling back to R Markdown v1.
    --- finished re-building ‘stats19-training-setup.Rmd’
    
    --- re-building ‘stats19-training.Rmd’ using rmarkdown
    Warning in engine$weave(file, quiet = quiet, encoding = enc) :
     Pandoc (>= 1.12.3) not available. Falling back to R Markdown v1.
    
    Attaching package: 'lubridate'
    
    The following objects are masked from 'package:base':
    
     date, intersect, setdiff, union
    
    Quitting from lines 783-784 (stats19-training.Rmd)
    Error: processing vignette 'stats19-training.Rmd' failed with diagnostics:
    there is no package called 'pct'
    --- failed re-building ‘stats19-training.Rmd’
    
    --- re-building ‘stats19-vehicles.Rmd’ using rmarkdown
    Warning in engine$weave(file, quiet = quiet, encoding = enc) :
     Pandoc (>= 1.12.3) not available. Falling back to R Markdown v1.
    Data provided under OGL v3.0. Cite the source and link to:
    www.nationalarchives.gov.uk/doc/open-government-licence/version/3/
    
    Attaching package: 'dplyr'
    
    The following objects are masked from 'package:stats':
    
     filter, lag
    
    The following objects are masked from 'package:base':
    
     intersect, setdiff, setequal, union
    
    trying URL 'http://data.dft.gov.uk.s3.amazonaws.com/road-accidents-safety-data/dftRoadSafetyData_Vehicles_2018.csv'
    Content type 'application/octet-stream' length 14803084 bytes (14.1 MB)
    ==================================================
    downloaded 14.1 MB
    
    trying URL 'http://data.dft.gov.uk.s3.amazonaws.com/road-accidents-safety-data/dftRoadSafetyData_Accidents_2018.csv'
    Content type 'application/octet-stream' length 16827907 bytes (16.0 MB)
    ==================================================
    downloaded 16.0 MB
    
    --- finished re-building ‘stats19-vehicles.Rmd’
    
    --- re-building ‘stats19.Rmd’ using rmarkdown
    Warning in engine$weave(file, quiet = quiet, encoding = enc) :
     Pandoc (>= 1.12.3) not available. Falling back to R Markdown v1.
    trying URL 'http://data.dft.gov.uk.s3.amazonaws.com/road-accidents-safety-data/dftRoadSafetyData_Accidents_2017.zip'
    Content type 'application/x-zip-compressed' length 3997883 bytes (3.8 MB)
    ==================================================
    downloaded 3.8 MB
    
    trying URL 'http://data.dft.gov.uk.s3.amazonaws.com/road-accidents-safety-data/dftRoadSafetyData_Vehicles_2017.zip'
    Content type 'application/x-zip-compressed' length 2584589 bytes (2.5 MB)
    ==================================================
    downloaded 2.5 MB
    
    trying URL 'http://data.dft.gov.uk.s3.amazonaws.com/road-accidents-safety-data/dftRoadSafetyData_Casualties_2017.zip'
    Content type 'application/x-zip-compressed' length 1169376 bytes (1.1 MB)
    ==================================================
    downloaded 1.1 MB
    
    Joining, by = "accident_index"
    --- finished re-building ‘stats19.Rmd’
    
    SUMMARY: processing the following file failed:
     ‘stats19-training.Rmd’
    
    Error: Vignette re-building failed.
    Execution halted
Flavor: r-release-macos-arm64