CRAN Package Check Results for Package statquotes

Last updated on 2021-07-24 07:49:41 CEST.

Flavor Version Tinstall Tcheck Ttotal Status Flags
r-devel-linux-x86_64-debian-clang 0.2.2 10.05 82.42 92.47 OK
r-devel-linux-x86_64-debian-gcc 0.2.2 7.64 61.01 68.65 OK
r-devel-linux-x86_64-fedora-clang 0.2.2 115.45 NOTE
r-devel-linux-x86_64-fedora-gcc 0.2.2 105.32 OK
r-devel-windows-x86_64 0.2.2 10.00 74.00 84.00 OK
r-devel-windows-x86_64-gcc10-UCRT 0.2.2 OK
r-patched-linux-x86_64 0.2.2 13.09 76.57 89.66 OK
r-patched-solaris-x86 0.2.2 153.70 OK
r-release-linux-x86_64 0.2.2 9.78 75.48 85.26 OK
r-release-macos-arm64 0.2.2 OK
r-release-macos-x86_64 0.2.2 OK
r-release-windows-ix86+x86_64 0.2.2 21.00 72.00 93.00 OK
r-oldrel-macos-x86_64 0.2.2 OK
r-oldrel-windows-ix86+x86_64 0.2.2 22.00 99.00 121.00 OK

Check Details

Version: 0.2.2
Check: Rd cross-references
Result: NOTE
    Undeclared package ‘fortunes’ in Rd xrefs
Flavor: r-devel-linux-x86_64-fedora-clang