CRAN Package Check Results for Package stationaRy

Last updated on 2021-06-14 07:48:52 CEST.

Flavor Version Tinstall Tcheck Ttotal Status Flags
r-devel-linux-x86_64-debian-clang 0.5.1 3.84 66.89 70.73 NOTE
r-devel-linux-x86_64-debian-gcc 0.5.1 3.51 52.90 56.41 NOTE
r-devel-linux-x86_64-fedora-clang 0.5.1 99.08 NOTE
r-devel-linux-x86_64-fedora-gcc 0.5.1 90.86 NOTE
r-devel-windows-x86_64 0.5.1 7.00 93.00 100.00 NOTE
r-devel-windows-x86_64-gcc10-UCRT 0.5.1 NOTE
r-patched-linux-x86_64 0.5.1 4.49 68.18 72.67 NOTE
r-patched-solaris-x86 0.5.1 128.20 NOTE
r-release-linux-x86_64 0.5.1 4.22 68.17 72.39 NOTE
r-release-macos-arm64 0.5.1 NOTE
r-release-macos-x86_64 0.5.1 NOTE
r-release-windows-ix86+x86_64 0.5.1 9.00 92.00 101.00 NOTE
r-oldrel-macos-x86_64 0.5.1 OK
r-oldrel-windows-ix86+x86_64 0.5.1 10.00 99.00 109.00 OK

Check Details

Version: 0.5.1
Check: LazyData
Result: NOTE
     'LazyData' is specified without a 'data' directory
Flavors: r-devel-linux-x86_64-debian-clang, r-devel-linux-x86_64-debian-gcc, r-devel-linux-x86_64-fedora-clang, r-devel-linux-x86_64-fedora-gcc, r-devel-windows-x86_64, r-devel-windows-x86_64-gcc10-UCRT, r-patched-linux-x86_64, r-patched-solaris-x86, r-release-linux-x86_64, r-release-macos-arm64, r-release-macos-x86_64, r-release-windows-ix86+x86_64