CRAN Package Check Results for Package statgenGWAS

Last updated on 2021-07-30 07:50:31 CEST.

Flavor Version Tinstall Tcheck Ttotal Status Flags
r-devel-linux-x86_64-debian-clang 1.0.6 OK
r-devel-linux-x86_64-debian-gcc 1.0.6 76.05 160.24 236.29 OK
r-devel-linux-x86_64-fedora-clang 1.0.7 421.80 NOTE
r-devel-linux-x86_64-fedora-gcc 1.0.7 383.94 OK
r-devel-windows-x86_64 1.0.6 135.00 218.00 353.00 OK
r-devel-windows-x86_64-gcc10-UCRT 1.0.5 OK
r-patched-linux-x86_64 1.0.6 OK
r-patched-solaris-x86 1.0.7 420.20 OK
r-release-linux-x86_64 1.0.6 88.40 204.48 292.88 OK
r-release-macos-arm64 1.0.6 ERROR
r-release-macos-x86_64 1.0.6 NOTE
r-release-windows-ix86+x86_64 1.0.5 249.00 253.00 502.00 NOTE
r-oldrel-macos-x86_64 1.0.6 NOTE
r-oldrel-windows-ix86+x86_64 1.0.6 178.00 204.00 382.00 NOTE

Check Details

Version: 1.0.7
Check: installed package size
Result: NOTE
     installed size is 8.6Mb
     sub-directories of 1Mb or more:
     data 2.7Mb
     libs 4.8Mb
Flavor: r-devel-linux-x86_64-fedora-clang

Version: 1.0.6
Check: installed package size
Result: NOTE
     installed size is 9.9Mb
     sub-directories of 1Mb or more:
     data 3.0Mb
     libs 6.0Mb
Flavors: r-release-macos-arm64, r-release-macos-x86_64, r-oldrel-macos-x86_64, r-oldrel-windows-ix86+x86_64

Version: 1.0.6
Check: tests
Result: ERROR
     Running ‘tinytest.R’ [3s/3s]
    Running the tests in ‘tests/tinytest.R’ failed.
    Last 13 lines of output:
     test_plots.R.................. 29 tests <1b>[0;32mOK<1b>[0m
     test_plots.R.................. 30 tests <1b>[0;32mOK<1b>[0m
     test_plots.R.................. 31 tests <1b>[0;32mOK<1b>[0m
     test_plots.R.................. 32 tests <1b>[0;32mOK<1b>[0m
     test_plots.R.................. 33 tests <1b>[0;31m1 fails<1b>[0m
     test_plots.R.................. 34 tests <1b>[0;31m1 fails<1b>[0m
     test_plots.R.................. 35 tests <1b>[0;31m1 fails<1b>[0m
     test_plots.R.................. 36 tests <1b>[0;31m1 fails<1b>[0m
     test_plots.R.................. 37 tests <1b>[0;31m1 fails<1b>[0m
     test_plots.R.................. 38 tests <1b>[0;31m1 fails<1b>[0m
     test_plots.R.................. 38 tests <1b>[0;31m1 fails<1b>[0m Error in grid.Call(C_textBounds, as.graphicsAnnot(x$label), x$x, x$y, :
     polygon edge not found
     Calls: <Anonymous> ... <Anonymous> -> widthDetails -> widthDetails.text -> grid.Call
     In addition: There were 50 or more warnings (use warnings() to see the first 50)
     Execution halted
Flavor: r-release-macos-arm64

Version: 1.0.6
Check: re-building of vignette outputs
Result: WARN
    Error(s) in re-building vignettes:
     ...
    --- re-building ‘GWAS.Rmd’ using rmarkdown
    Warning in engine$weave(file, quiet = quiet, encoding = enc) :
     Pandoc (>= 1.12.3) not available. Falling back to R Markdown v1.
    Quitting from lines 245-247 (GWAS.Rmd)
    Error: processing vignette 'GWAS.Rmd' failed with diagnostics:
    polygon edge not found
    --- failed re-building ‘GWAS.Rmd’
    
    SUMMARY: processing the following file failed:
     ‘GWAS.Rmd’
    
    Error: Vignette re-building failed.
    Execution halted
Flavor: r-release-macos-arm64

Version: 1.0.5
Check: installed package size
Result: NOTE
     installed size is 6.7Mb
     sub-directories of 1Mb or more:
     data 3.0Mb
     libs 2.7Mb
Flavor: r-release-windows-ix86+x86_64