CRAN Package Check Results for Package starsExtra

Last updated on 2021-09-19 07:50:50 CEST.

Flavor Version Tinstall Tcheck Ttotal Status Flags
r-devel-linux-x86_64-debian-clang 0.2.6 8.98 151.23 160.21 OK
r-devel-linux-x86_64-debian-gcc 0.2.6 7.01 107.25 114.26 OK
r-devel-linux-x86_64-fedora-clang 0.2.6 199.90 OK
r-devel-linux-x86_64-fedora-gcc 0.2.6 189.35 OK
r-devel-windows-x86_64 0.2.6 15.00 206.00 221.00 OK
r-devel-windows-x86_64-gcc10-UCRT 0.2.6 ERROR
r-patched-linux-x86_64 0.2.6 8.69 139.28 147.97 OK
r-patched-solaris-x86 0.2.6 226.70 OK
r-release-linux-x86_64 0.2.6 8.49 139.17 147.66 OK
r-release-macos-arm64 0.2.6 OK
r-release-macos-x86_64 0.2.6 OK
r-release-windows-ix86+x86_64 0.2.6 26.00 208.00 234.00 OK
r-oldrel-macos-x86_64 0.2.6 OK
r-oldrel-windows-ix86+x86_64 0.2.6 27.00 206.00 233.00 OK

Check Details

Version: 0.2.6
Check: whether package can be installed
Result: ERROR
    Installation failed.
Flavor: r-devel-windows-x86_64-gcc10-UCRT