CRAN Package Check Results for Package ssh

Last updated on 2021-07-30 07:50:31 CEST.

Flavor Version Tinstall Tcheck Ttotal Status Flags
r-devel-linux-x86_64-debian-clang 0.8.0 OK
r-devel-linux-x86_64-debian-gcc 0.8.0 3.30 21.22 24.52 OK
r-devel-linux-x86_64-fedora-clang 0.8.0 48.23 OK
r-devel-linux-x86_64-fedora-gcc 0.8.0 38.11 OK
r-devel-windows-x86_64 0.8.0 17.00 56.00 73.00 OK
r-devel-windows-x86_64-gcc10-UCRT 0.8.0 OK
r-patched-linux-x86_64 0.8.0 OK
r-release-linux-x86_64 0.8.0 3.90 26.19 30.09 OK
r-release-macos-arm64 0.8.0 OK
r-release-macos-x86_64 0.8.0 OK
r-release-windows-ix86+x86_64 0.8.0 33.00 76.00 109.00 NOTE
r-oldrel-macos-x86_64 0.8.0 OK
r-oldrel-windows-ix86+x86_64 0.8.0 26.00 71.00 97.00 NOTE

Check Details

Version: 0.8.0
Check: installed package size
Result: NOTE
     installed size is 6.8Mb
     sub-directories of 1Mb or more:
     doc 1.0Mb
     libs 5.6Mb
Flavors: r-release-windows-ix86+x86_64, r-oldrel-windows-ix86+x86_64