CRAN Package Check Results for Package ssMousetrack

Last updated on 2021-07-31 07:51:00 CEST.

Flavor Version Tinstall Tcheck Ttotal Status Flags
r-devel-linux-x86_64-debian-clang 1.1.5 535.73 108.28 644.01 NOTE
r-devel-linux-x86_64-debian-gcc 1.1.5 417.70 98.94 516.64 NOTE
r-devel-linux-x86_64-fedora-clang 1.1.5 894.15 NOTE
r-devel-linux-x86_64-fedora-gcc 1.1.5 899.83 NOTE
r-devel-windows-x86_64 1.1.5 482.00 168.00 650.00 NOTE
r-devel-windows-x86_64-gcc10-UCRT 1.1.5 NOTE
r-patched-linux-x86_64 1.1.5 NOTE
r-patched-solaris-x86 1.1.5 823.10 NOTE
r-release-linux-x86_64 1.1.5 460.06 124.54 584.60 NOTE
r-release-macos-arm64 1.1.5 NOTE
r-release-macos-x86_64 1.1.5 NOTE
r-release-windows-ix86+x86_64 1.1.5 1048.00 181.00 1229.00 NOTE
r-oldrel-macos-x86_64 1.1.5 NOTE
r-oldrel-windows-ix86+x86_64 1.1.5 905.00 273.00 1178.00 NOTE

Check Details

Version: 1.1.5
Check: for GNU extensions in Makefiles
Result: NOTE
    GNU make is a SystemRequirements.
Flavors: r-devel-linux-x86_64-debian-clang, r-devel-linux-x86_64-debian-gcc, r-devel-linux-x86_64-fedora-clang, r-devel-linux-x86_64-fedora-gcc, r-devel-windows-x86_64, r-devel-windows-x86_64-gcc10-UCRT, r-patched-linux-x86_64, r-patched-solaris-x86, r-release-linux-x86_64, r-release-macos-arm64, r-release-macos-x86_64, r-release-windows-ix86+x86_64, r-oldrel-macos-x86_64, r-oldrel-windows-ix86+x86_64

Version: 1.1.5
Check: installed package size
Result: NOTE
     installed size is 76.6Mb
     sub-directories of 1Mb or more:
     libs 76.2Mb
Flavors: r-devel-linux-x86_64-fedora-clang, r-release-macos-arm64, r-release-macos-x86_64, r-release-windows-ix86+x86_64, r-oldrel-macos-x86_64, r-oldrel-windows-ix86+x86_64

Version: 1.1.5
Check: line endings in C/C++/Fortran sources/headers
Result: NOTE
    Found the following sources/headers with CR or CRLF line endings:
     src/stan_files/fit_model_gomp.hpp
     src/stan_files/fit_model_log.hpp
     src/stan_files/simulate_data_gomp.hpp
     src/stan_files/simulate_data_log.hpp
    Some Unix compilers require LF line endings.
Flavor: r-devel-windows-x86_64-gcc10-UCRT