CRAN Package Check Results for Package squashinformr

Last updated on 2021-06-15 08:50:10 CEST.

Flavor Version Tinstall Tcheck Ttotal Status Flags
r-devel-linux-x86_64-debian-clang 0.2.2 15.49 119.66 135.15 NOTE
r-devel-linux-x86_64-debian-gcc 0.2.2 11.03 88.79 99.82 NOTE
r-devel-linux-x86_64-fedora-clang 0.2.2 170.38 NOTE
r-devel-linux-x86_64-fedora-gcc 0.2.2 161.49 NOTE
r-devel-windows-x86_64 0.2.2 23.00 150.00 173.00 NOTE
r-devel-windows-x86_64-gcc10-UCRT 0.2.2 NOTE
r-patched-linux-x86_64 0.2.2 14.25 110.48 124.73 NOTE
r-patched-solaris-x86 0.2.2 223.00 NOTE
r-release-linux-x86_64 0.2.2 13.61 110.26 123.87 NOTE
r-release-macos-arm64 0.2.2 NOTE
r-release-macos-x86_64 0.2.2 NOTE
r-release-windows-ix86+x86_64 0.2.2 34.00 152.00 186.00 NOTE
r-oldrel-macos-x86_64 0.2.2 OK
r-oldrel-windows-ix86+x86_64 0.2.2 36.00 144.00 180.00 OK

Check Details

Version: 0.2.2
Check: LazyData
Result: NOTE
     'LazyData' is specified without a 'data' directory
Flavors: r-devel-linux-x86_64-debian-clang, r-devel-linux-x86_64-debian-gcc, r-devel-linux-x86_64-fedora-clang, r-devel-linux-x86_64-fedora-gcc, r-devel-windows-x86_64, r-devel-windows-x86_64-gcc10-UCRT, r-patched-linux-x86_64, r-patched-solaris-x86, r-release-linux-x86_64, r-release-macos-arm64, r-release-macos-x86_64, r-release-windows-ix86+x86_64