CRAN Package Check Results for Package spsurv

Last updated on 2021-08-03 07:54:44 CEST.

Flavor Version Tinstall Tcheck Ttotal Status Flags
r-devel-linux-x86_64-debian-clang 1.0.0 276.75 219.13 495.88 NOTE
r-devel-linux-x86_64-debian-gcc 1.0.0 235.41 189.60 425.01 NOTE
r-devel-linux-x86_64-fedora-clang 1.0.0 663.55 NOTE
r-devel-linux-x86_64-fedora-gcc 1.0.0 699.02 NOTE
r-devel-windows-x86_64 1.0.0 227.00 297.00 524.00 NOTE
r-devel-windows-x86_64-gcc10-UCRT 1.0.0 WARN
r-patched-linux-x86_64 1.0.0 265.76 235.39 501.15 NOTE
r-patched-solaris-x86 1.0.0 744.10 NOTE
r-release-linux-x86_64 1.0.0 257.62 237.02 494.64 NOTE
r-release-macos-arm64 1.0.0 WARN
r-release-macos-x86_64 1.0.0 NOTE
r-release-windows-ix86+x86_64 1.0.0 573.00 436.00 1009.00 NOTE
r-oldrel-macos-x86_64 1.0.0 NOTE
r-oldrel-windows-ix86+x86_64 1.0.0 504.00 488.00 992.00 NOTE

Check Details

Version: 1.0.0
Check: LazyData
Result: NOTE
     'LazyData' is specified without a 'data' directory
Flavors: r-devel-linux-x86_64-debian-clang, r-devel-linux-x86_64-debian-gcc, r-devel-linux-x86_64-fedora-clang, r-devel-linux-x86_64-fedora-gcc, r-devel-windows-x86_64, r-devel-windows-x86_64-gcc10-UCRT, r-patched-linux-x86_64, r-patched-solaris-x86, r-release-linux-x86_64, r-release-macos-arm64, r-release-macos-x86_64, r-release-windows-ix86+x86_64

Version: 1.0.0
Check: for GNU extensions in Makefiles
Result: NOTE
    GNU make is a SystemRequirements.
Flavors: r-devel-linux-x86_64-debian-clang, r-devel-linux-x86_64-debian-gcc, r-devel-linux-x86_64-fedora-clang, r-devel-linux-x86_64-fedora-gcc, r-devel-windows-x86_64, r-devel-windows-x86_64-gcc10-UCRT, r-patched-linux-x86_64, r-patched-solaris-x86, r-release-linux-x86_64, r-release-macos-arm64, r-release-macos-x86_64, r-release-windows-ix86+x86_64, r-oldrel-macos-x86_64, r-oldrel-windows-ix86+x86_64

Version: 1.0.0
Check: installed package size
Result: NOTE
     installed size is 49.5Mb
     sub-directories of 1Mb or more:
     doc 1.5Mb
     libs 47.6Mb
Flavors: r-devel-linux-x86_64-fedora-clang, r-release-macos-arm64, r-release-macos-x86_64, r-release-windows-ix86+x86_64, r-oldrel-macos-x86_64, r-oldrel-windows-ix86+x86_64

Version: 1.0.0
Check: dependencies in R code
Result: NOTE
    Namespace in Imports field not imported from: ‘rstantools’
     All declared Imports should be used.
Flavors: r-devel-linux-x86_64-fedora-clang, r-devel-linux-x86_64-fedora-gcc, r-devel-windows-x86_64-gcc10-UCRT, r-patched-solaris-x86, r-release-macos-arm64, r-release-macos-x86_64, r-oldrel-macos-x86_64

Version: 1.0.0
Check: line endings in C/C++/Fortran sources/headers
Result: NOTE
    Found the following sources/headers with CR or CRLF line endings:
     src/RcppExports.cpp
    Some Unix compilers require LF line endings.
Flavor: r-devel-windows-x86_64-gcc10-UCRT

Version: 1.0.0
Check: line endings in Makefiles
Result: WARN
    Found the following Makefile(s) with CR or CRLF line endings:
     src/Makevars
    Some Unix 'make' programs require LF line endings.
Flavor: r-devel-windows-x86_64-gcc10-UCRT

Version: 1.0.0
Check: re-building of vignette outputs
Result: WARN
    Error(s) in re-building vignettes:
    --- re-building ‘spsurv.Rmd’ using rmarkdown
    Warning in engine$weave(file, quiet = quiet, encoding = enc) :
     Pandoc (>= 1.12.3) not available. Falling back to R Markdown v1.
    Loading required package: survival
    Loading required package: loo
    This is loo version 2.4.1
    - Online documentation and vignettes at mc-stan.org/loo
    - As of v2.0.0 loo defaults to 1 core but we recommend using as many as possible. Use the 'cores' argument or set options(mc.cores = NUM_CORES) for an entire session.
    Loading required package: coda
    Loading required package: MASS
    
    Attaching package: 'spsurv'
    
    The following object is masked from 'package:coda':
    
     traceplot
    
    The following objects are masked from 'package:stats':
    
     coef, confint, vcov
    
    The following object is masked from 'package:base':
    
     mode
    
    Priors are ignored due to mle approach.
    Priors are ignored due to mle approach.
    Quitting from lines 125-127 (spsurv.Rmd)
    Error: processing vignette 'spsurv.Rmd' failed with diagnostics:
    polygon edge not found
    --- failed re-building ‘spsurv.Rmd’
    
    SUMMARY: processing the following file failed:
     ‘spsurv.Rmd’
    
    Error: Vignette re-building failed.
    Execution halted
Flavor: r-release-macos-arm64