CRAN Package Check Results for Package spreadr

Last updated on 2021-09-20 07:51:04 CEST.

Flavor Version Tinstall Tcheck Ttotal Status Flags
r-devel-linux-x86_64-debian-clang 0.2.0 21.75 48.70 70.45 OK
r-devel-linux-x86_64-debian-gcc 0.2.0 11.68 37.11 48.79 OK
r-devel-linux-x86_64-fedora-clang 0.2.0 94.64 NOTE
r-devel-linux-x86_64-fedora-gcc 0.2.0 79.36 NOTE
r-devel-windows-x86_64 0.2.0 21.00 61.00 82.00 OK
r-devel-windows-x86_64-gcc10-UCRT 0.2.0 ERROR
r-patched-linux-x86_64 0.2.0 16.39 45.66 62.05 OK
r-patched-solaris-x86 0.2.0 106.30 NOTE
r-release-linux-x86_64 0.2.0 14.18 45.23 59.41 OK
r-release-macos-arm64 0.2.0 NOTE
r-release-macos-x86_64 0.2.0 NOTE
r-release-windows-ix86+x86_64 0.2.0 44.00 72.00 116.00 OK
r-oldrel-macos-x86_64 0.2.0 NOTE
r-oldrel-windows-ix86+x86_64 0.2.0 43.00 71.00 114.00 OK

Check Details

Version: 0.2.0
Check: dependencies in R code
Result: NOTE
    Namespaces in Imports field not imported from:
     ‘extrafont’ ‘ggplot2’
     All declared Imports should be used.
Flavors: r-devel-linux-x86_64-fedora-clang, r-devel-linux-x86_64-fedora-gcc, r-patched-solaris-x86, r-release-macos-arm64, r-release-macos-x86_64, r-oldrel-macos-x86_64

Version: 0.2.0
Check: whether package can be installed
Result: ERROR
    Installation failed.
Flavor: r-devel-windows-x86_64-gcc10-UCRT

Version: 0.2.0
Check: package dependencies
Result: NOTE
    Package suggested but not available for checking: ‘gifski’
Flavor: r-patched-solaris-x86