CRAN Package Check Results for Package splitstackshape

Last updated on 2021-07-25 07:50:19 CEST.

Flavor Version Tinstall Tcheck Ttotal Status Flags
r-devel-linux-x86_64-debian-clang 1.4.8 3.07 39.13 42.20 OK
r-devel-linux-x86_64-debian-gcc 1.4.8 2.56 29.76 32.32 OK
r-devel-linux-x86_64-fedora-clang 1.4.8 56.80 NOTE
r-devel-linux-x86_64-fedora-gcc 1.4.8 45.75 OK
r-devel-windows-x86_64 1.4.8 6.00 44.00 50.00 OK
r-devel-windows-x86_64-gcc10-UCRT 1.4.8 OK
r-patched-linux-x86_64 1.4.8 3.70 35.83 39.53 OK
r-patched-solaris-x86 1.4.8 71.80 OK
r-release-linux-x86_64 1.4.8 3.01 36.12 39.13 OK
r-release-macos-arm64 1.4.8 OK
r-release-macos-x86_64 1.4.8 OK
r-release-windows-ix86+x86_64 1.4.8 7.00 49.00 56.00 OK
r-oldrel-macos-x86_64 1.4.8 OK
r-oldrel-windows-ix86+x86_64 1.4.8 16.00 54.00 70.00 OK

Check Details

Version: 1.4.8
Check: Rd cross-references
Result: NOTE
    Undeclared packages ‘reshape2’, ‘sampling’, ‘dplyr’ in Rd xrefs
Flavor: r-devel-linux-x86_64-fedora-clang