CRAN Package Check Results for Package specr

Last updated on 2021-06-22 07:49:46 CEST.

Flavor Version Tinstall Tcheck Ttotal Status Flags
r-devel-linux-x86_64-debian-clang 0.2.1 11.11 231.32 242.43 OK
r-devel-linux-x86_64-debian-gcc 0.2.1 10.02 169.04 179.06 OK
r-devel-linux-x86_64-fedora-clang 0.2.1 287.16 OK
r-devel-linux-x86_64-fedora-gcc 0.2.1 277.19 OK
r-devel-windows-x86_64 0.2.1 17.00 274.00 291.00 OK
r-devel-windows-x86_64-gcc10-UCRT 0.2.1 WARN
r-patched-linux-x86_64 0.2.1 11.68 215.95 227.63 OK
r-patched-solaris-x86 0.2.1 374.00 OK
r-release-linux-x86_64 0.2.1 12.40 213.48 225.88 OK
r-release-macos-arm64 0.2.1 OK
r-release-macos-x86_64 0.2.1 OK
r-release-windows-ix86+x86_64 0.2.1 27.00 273.00 300.00 OK
r-oldrel-macos-x86_64 0.2.1 OK

Check Details

Version: 0.2.1
Check: package dependencies
Result: NOTE
    Package suggested but not available for checking: 'tidyverse'
Flavor: r-devel-windows-x86_64-gcc10-UCRT

Version: 0.2.1
Check: re-building of vignette outputs
Result: WARN
    Error(s) in re-building vignettes:
    --- re-building 'custom-plot.rmd' using rmarkdown
    
    Attaching package: 'dplyr'
    
    The following objects are masked from 'package:stats':
    
     filter, lag
    
    The following objects are masked from 'package:base':
    
     intersect, setdiff, setequal, union
    
    --- finished re-building 'custom-plot.rmd'
    
    --- re-building 'decompose_var.rmd' using rmarkdown
    
    Attaching package: 'dplyr'
    
    The following objects are masked from 'package:stats':
    
     filter, lag
    
    The following objects are masked from 'package:base':
    
     intersect, setdiff, setequal, union
    
    Loading required package: Matrix
    boundary (singular) fit: see ?isSingular
    --- finished re-building 'decompose_var.rmd'
    
    --- re-building 'invest-spec.rmd' using rmarkdown
    
    Attaching package: 'dplyr'
    
    The following objects are masked from 'package:stats':
    
     filter, lag
    
    The following objects are masked from 'package:base':
    
     intersect, setdiff, setequal, union
    
    --- finished re-building 'invest-spec.rmd'
    
    --- re-building 'progress.rmd' using rmarkdown
    --- finished re-building 'progress.rmd'
    
    --- re-building 'specr.rmd' using rmarkdown
    Quitting from lines 25-28 (specr.rmd)
    Error: processing vignette 'specr.rmd' failed with diagnostics:
    there is no package called 'tidyverse'
    --- failed re-building 'specr.rmd'
    
    SUMMARY: processing the following file failed:
     'specr.rmd'
    
    Error: Vignette re-building failed.
    Execution halted
Flavor: r-devel-windows-x86_64-gcc10-UCRT