CRAN Package Check Results for Package spbabel

Last updated on 2021-08-05 07:49:52 CEST.

Flavor Version Tinstall Tcheck Ttotal Status Flags
r-devel-linux-x86_64-debian-clang 0.5.5 7.50 88.54 96.04 OK
r-devel-linux-x86_64-debian-gcc 0.5.5 5.65 64.61 70.26 OK
r-devel-linux-x86_64-fedora-clang 0.5.5 116.23 OK
r-devel-linux-x86_64-fedora-gcc 0.5.5 108.64 OK
r-devel-windows-x86_64 0.5.5 14.00 81.00 95.00 OK
r-devel-windows-x86_64-gcc10-UCRT 0.5.5 ERROR
r-patched-linux-x86_64 0.5.5 6.37 80.73 87.10 OK
r-patched-solaris-x86 0.5.5 146.10 OK
r-release-linux-x86_64 0.5.5 7.20 80.93 88.13 OK
r-release-macos-arm64 0.5.5 OK
r-release-macos-x86_64 0.5.5 OK
r-release-windows-ix86+x86_64 0.5.5 18.00 112.00 130.00 OK
r-oldrel-macos-x86_64 0.5.5 OK
r-oldrel-windows-ix86+x86_64 0.5.5 27.00 113.00 140.00 OK

Check Details

Version: 0.5.5
Check: package dependencies
Result: ERROR
    Packages required but not available: 'dplyr', 'tibble'
    
    Packages suggested but not available for checking:
     'testthat', 'ggplot2', 'sf', 'trip', 'viridis'
    
    See section 'The DESCRIPTION file' in the 'Writing R Extensions'
    manual.
Flavor: r-devel-windows-x86_64-gcc10-UCRT