CRAN Package Check Results for Package spatstat.core

Last updated on 2021-05-07 07:47:52 CEST.

Flavor Version Tinstall Tcheck Ttotal Status Flags
r-devel-linux-x86_64-debian-clang 2.1-2 98.62 814.71 913.33 OK
r-devel-linux-x86_64-debian-gcc 2.1-2 86.66 599.43 686.09 OK
r-devel-linux-x86_64-fedora-clang 2.1-2 1090.68 NOTE
r-devel-linux-x86_64-fedora-gcc 2.1-2 1097.08 OK
r-devel-windows-x86_64-gcc10-UCRT 2.1-2 OK
r-patched-linux-x86_64 2.1-2 128.13 787.49 915.62 OK
r-patched-solaris-x86 2.1-2 1592.60 NOTE
r-release-linux-x86_64 2.1-2 93.29 757.77 851.06 OK
r-release-macos-x86_64 2.1-2 NOTE
r-release-windows-ix86+x86_64 2.1-2 168.00 268.00 436.00 NOTE --no-examples --no-tests --no-vignettes
r-oldrel-macos-x86_64 2.1-2 NOTE
r-oldrel-windows-ix86+x86_64 2.1-2 205.00 271.00 476.00 NOTE --no-examples --no-tests --no-vignettes

Check Details

Version: 2.1-2
Check: installed package size
Result: NOTE
     installed size is 7.6Mb
     sub-directories of 1Mb or more:
     R 3.2Mb
     help 3.0Mb
     libs 1.1Mb
Flavors: r-devel-linux-x86_64-fedora-clang, r-patched-solaris-x86, r-release-macos-x86_64, r-oldrel-macos-x86_64

Version: 2.1-2
Flags: --no-examples --no-tests --no-vignettes
Check: installed package size
Result: NOTE
     installed size is 7.3Mb
     sub-directories of 1Mb or more:
     R 3.1Mb
     help 3.0Mb
Flavors: r-release-windows-ix86+x86_64, r-oldrel-windows-ix86+x86_64

Version: 2.1-2
Check: dependencies in R code
Result: NOTE
    No protocol specified
    No protocol specified
Flavor: r-oldrel-macos-x86_64