CRAN Package Check Results for Package spatialrisk

Last updated on 2021-05-10 07:48:28 CEST.

Flavor Version Tinstall Tcheck Ttotal Status Flags
r-devel-linux-x86_64-debian-clang 0.6.7 41.76 212.37 254.13 OK
r-devel-linux-x86_64-debian-gcc 0.6.7 33.58 161.78 195.36 OK
r-devel-linux-x86_64-fedora-clang 0.6.7 312.93 NOTE
r-devel-linux-x86_64-fedora-gcc 0.6.7 300.03 NOTE
r-devel-windows-ix86+x86_64 0.6.7 321.00 353.00 674.00 NOTE
r-devel-windows-x86_64-gcc10-UCRT 0.6.7 NOTE
r-patched-linux-x86_64 0.6.7 39.38 204.59 243.97 OK
r-patched-solaris-x86 0.6.7 418.20 NOTE
r-release-linux-x86_64 0.6.7 38.80 199.43 238.23 OK
r-release-macos-x86_64 0.6.7 NOTE
r-release-windows-ix86+x86_64 0.6.7 411.00 263.00 674.00 NOTE
r-oldrel-macos-x86_64 0.6.7 NOTE
r-oldrel-windows-ix86+x86_64 0.6.7 302.00 335.00 637.00 NOTE

Check Details

Version: 0.6.7
Check: installed package size
Result: NOTE
     installed size is 5.8Mb
     sub-directories of 1Mb or more:
     data 4.0Mb
     libs 1.0Mb
Flavors: r-devel-linux-x86_64-fedora-clang, r-devel-windows-ix86+x86_64, r-patched-solaris-x86, r-release-macos-x86_64, r-release-windows-ix86+x86_64, r-oldrel-macos-x86_64, r-oldrel-windows-ix86+x86_64

Version: 0.6.7
Check: dependencies in R code
Result: NOTE
    Namespace in Imports field not imported from: ‘sp’
     All declared Imports should be used.
Flavors: r-devel-linux-x86_64-fedora-clang, r-devel-linux-x86_64-fedora-gcc, r-devel-windows-x86_64-gcc10-UCRT, r-patched-solaris-x86, r-release-macos-x86_64, r-oldrel-macos-x86_64

Version: 0.6.7
Check: data for non-ASCII characters
Result: NOTE
     Note: found 25 marked Latin-1 strings
     Note: found 335 marked UTF-8 strings
Flavors: r-devel-linux-x86_64-fedora-clang, r-devel-linux-x86_64-fedora-gcc, r-devel-windows-x86_64-gcc10-UCRT, r-patched-solaris-x86, r-release-macos-x86_64, r-oldrel-macos-x86_64